{"id":23062,"date":"2018-03-07T22:47:34","date_gmt":"2018-03-07T21:47:34","guid":{"rendered":"http:\/\/rezerwa126p.pl\/web\/?page_id=23062"},"modified":"2021-10-25T22:09:40","modified_gmt":"2021-10-25T20:09:40","slug":"informacja-techniczna-polski-fiat-126p","status":"publish","type":"page","link":"http:\/\/rezerwa126p.pl\/?page_id=23062","title":{"rendered":"Informacja techniczna &#8211; Polski Fiat 126p"},"content":{"rendered":"[vc_row row_type=&#8221;row&#8221; use_row_as_full_screen_section=&#8221;no&#8221; type=&#8221;full_width&#8221; text_align=&#8221;left&#8221; css_animation=&#8221;&#8221;][vc_column][vc_column_text]<a href=\"http:\/\/rezerwa126p.pl\/web\/wp-content\/uploads\/2018\/03\/informacja_techniczna.pdf\">Informacja techniczna &#8211; Polski Fiat 126p<\/a>, wydana przez Organizacj\u0119 Rzeczoznawc\u00f3w Techniki Samochodowej i Ruchu Drogowego Polskiego Zwi\u0105zku Motorowego, Tychy, 1983[\/vc_column_text][\/vc_column][\/vc_row]\n","protected":false},"excerpt":{"rendered":"<p>[vc_row row_type=&#8221;row&#8221; use_row_as_full_screen_section=&#8221;no&#8221; type=&#8221;full_width&#8221; text_align=&#8221;left&#8221; css_animation=&#8221;&#8221;][vc_column][vc_column_text]Informacja techniczna &#8211; Polski Fiat 126p, wydana przez Organizacj\u0119 Rzeczoznawc\u00f3w Techniki Samochodowej i Ruchu Drogowego Polskiego Zwi\u0105zku Motorowego, Tychy, 1983[\/vc_column_text][\/vc_column][\/vc_row]<\/p>\n","protected":false},"author":2,"featured_media":0,"parent":23060,"menu_order":0,"comment_status":"closed","ping_status":"closed","template":"","meta":{"advanced_seo_description":"","spay_email":""},"jetpack_sharing_enabled":true,"jetpack_shortlink":"https:\/\/wp.me\/P9KryZ-5ZY","jetpack_likes_enabled":true,"jetpack-related-posts":[{"id":22962,"url":"http:\/\/rezerwa126p.pl\/?page_id=22962","url_meta":{"origin":23062,"position":0},"title":"Literatura","date":"22 listopada 2017","format":false,"excerpt":"[vc_row row_type=\"row\" use_row_as_full_screen_section=\"no\" type=\"full_width\" text_align=\"left\" css_animation=\"\"][vc_column][vc_column_text]W obliczu wielu ksi\u0105\u017cek, jakie wydano na przestrzeni lat, a s\u0105 w r\u00f3\u017cny spos\u00f3b po\u015bwi\u0119cone Fiatowi 126p, pozwolili\u015bmy sobie na sporz\u0105dzenie ma\u0142ego wykazu. W wiele z ni\u017cej wymienionych pozycji z powodzeniem mo\u017cemy zaopatrzy\u0107 si\u0119 na rynku wt\u00f3rnym. Znalezienie na p\u00f3\u0142kach nowych egzemplarzy jest niestety nierealne.\u2026","rel":"","context":"Similar post","img":{"alt_text":"","src":"","width":0,"height":0},"classes":[]},{"id":22503,"url":"http:\/\/rezerwa126p.pl\/?page_id=22503","url_meta":{"origin":23062,"position":1},"title":"Kalendarium","date":"4 listopada 2017","format":false,"excerpt":"[vc_row row_type=\"row\" use_row_as_full_screen_section=\"no\" type=\"full_width\" text_align=\"left\" css_animation=\"\"][vc_column][vc_column_text]We\u00a0wrze\u015bniu 1972 roku\u00a0wyprodukowano we w\u0142oskim Cassino pierwsz\u0105 seri\u0119 pr\u00f3bn\u0105 w ilo\u015bci 100 egzemplarzy. \u00a0 Oficjalna premiera Fiata 126 odby\u0142a si\u0119\u00a09 wrze\u015bnia roku 1972,\u00a0jednocze\u015bnie we W\u0142oszech \u2013 w salonie samochodowym w Turynie i w Polsce - na Placu Defilad. Historia Polskiego Fiata 126p rozpocz\u0119\u0142a si\u0119 od\u2026","rel":"","context":"Similar post","img":{"alt_text":"","src":"","width":0,"height":0},"classes":[]},{"id":22800,"url":"http:\/\/rezerwa126p.pl\/?page_id=22800","url_meta":{"origin":23062,"position":2},"title":"Fiat 126p NP","date":"6 listopada 2017","format":false,"excerpt":"[vc_row row_type=\"row\" use_row_as_full_screen_section=\"no\" type=\"full_width\" text_align=\"left\" css_animation=\"\"][vc_column][vc_column_text]Po tym jak Fiat 126p zdominowa\u0142 polski rynek, FSM chcia\u0142 stworzy\u0107 wi\u0119cej pojazd\u00f3w opartych na tym modelu. Najwi\u0119ksz\u0105 przeszkod\u0105 w dalszym rozwijaniu samochodu by\u0142 umieszczony z ty\u0142u silnik, w zwi\u0105zku z czym zbudowano prototyp z silnikiem umieszczonym z przodu \u2013 Fiat 126p NP (Nap\u0119d Przedni).\u2026","rel":"","context":"Similar post","img":{"alt_text":"","src":"","width":0,"height":0},"classes":[]},{"id":22315,"url":"http:\/\/rezerwa126p.pl\/?page_id=22315","url_meta":{"origin":23062,"position":3},"title":"Schemat instalacji Fiat 126p FL","date":"4 listopada 2017","format":false,"excerpt":"[vc_row row_type=\"row\" use_row_as_full_screen_section=\"no\" type=\"full_width\" text_align=\"left\" css_animation=\"\"][vc_column][vc_column_text]Pobierz schemat - Fiat 126p FL[\/vc_column_text][\/vc_column][\/vc_row]","rel":"","context":"Similar post","img":{"alt_text":"","src":"","width":0,"height":0},"classes":[]},{"id":22616,"url":"http:\/\/rezerwa126p.pl\/?page_id=22616","url_meta":{"origin":23062,"position":4},"title":"Prospekt &#8211; Fiat 126p ST Bambino","date":"5 listopada 2017","format":false,"excerpt":"[vc_row row_type=\"row\" use_row_as_full_screen_section=\"no\" type=\"full_width\" text_align=\"left\" css_animation=\"\"][vc_column][vc_single_image image=\"22617\" img_size=\"medium\" add_caption=\"yes\" alignment=\"center\" onclick=\"img_link_large\" qode_css_animation=\"\"][vc_empty_space][vc_single_image image=\"22618\" img_size=\"medium\" add_caption=\"yes\" alignment=\"center\" onclick=\"img_link_large\" qode_css_animation=\"\"][vc_empty_space][vc_single_image image=\"22619\" img_size=\"medium\" add_caption=\"yes\" alignment=\"center\" onclick=\"img_link_large\" qode_css_animation=\"\"][vc_empty_space][vc_single_image image=\"22620\" img_size=\"medium\" add_caption=\"yes\" alignment=\"center\" onclick=\"img_link_large\" qode_css_animation=\"\"][vc_empty_space][vc_single_image image=\"22621\" img_size=\"medium\" add_caption=\"yes\" alignment=\"center\" onclick=\"img_link_large\" qode_css_animation=\"\"][vc_empty_space][vc_single_image image=\"22622\" img_size=\"medium\" add_caption=\"yes\" alignment=\"center\" onclick=\"img_link_large\" qode_css_animation=\"\"][\/vc_column][\/vc_row]","rel":"","context":"Similar post","img":{"alt_text":"","src":"","width":0,"height":0},"classes":[]},{"id":22317,"url":"http:\/\/rezerwa126p.pl\/?page_id=22317","url_meta":{"origin":23062,"position":5},"title":"Schemat bezpiecznik\u00f3w Fiat 126p FL","date":"4 listopada 2017","format":false,"excerpt":"[vc_row row_type=\"row\" use_row_as_full_screen_section=\"no\" type=\"full_width\" text_align=\"left\" css_animation=\"\"][vc_column][vc_single_image image=\"22318\" img_size=\"1000x900\" alignment=\"center\" onclick=\"img_link_large\" qode_css_animation=\"\"][\/vc_column][\/vc_row]","rel":"","context":"Similar post","img":{"alt_text":"","src":"","width":0,"height":0},"classes":[]}],"_links":{"self":[{"href":"http:\/\/rezerwa126p.pl\/index.php?rest_route=\/wp\/v2\/pages\/23062"}],"collection":[{"href":"http:\/\/rezerwa126p.pl\/index.php?rest_route=\/wp\/v2\/pages"}],"about":[{"href":"http:\/\/rezerwa126p.pl\/index.php?rest_route=\/wp\/v2\/types\/page"}],"author":[{"embeddable":true,"href":"http:\/\/rezerwa126p.pl\/index.php?rest_route=\/wp\/v2\/users\/2"}],"replies":[{"embeddable":true,"href":"http:\/\/rezerwa126p.pl\/index.php?rest_route=%2Fwp%2Fv2%2Fcomments&post=23062"}],"version-history":[{"count":1,"href":"http:\/\/rezerwa126p.pl\/index.php?rest_route=\/wp\/v2\/pages\/23062\/revisions"}],"predecessor-version":[{"id":23063,"href":"http:\/\/rezerwa126p.pl\/index.php?rest_route=\/wp\/v2\/pages\/23062\/revisions\/23063"}],"up":[{"embeddable":true,"href":"http:\/\/rezerwa126p.pl\/index.php?rest_route=\/wp\/v2\/pages\/23060"}],"wp:attachment":[{"href":"http:\/\/rezerwa126p.pl\/index.php?rest_route=%2Fwp%2Fv2%2Fmedia&parent=23062"}],"curies":[{"name":"wp","href":"https:\/\/api.w.org\/{rel}","templated":true}]}}