{"id":22999,"date":"2018-03-03T19:15:19","date_gmt":"2018-03-03T18:15:19","guid":{"rendered":"http:\/\/rezerwa126p.pl\/web\/?page_id=22999"},"modified":"2021-12-19T19:32:08","modified_gmt":"2021-12-19T18:32:08","slug":"strona-glowna","status":"publish","type":"page","link":"http:\/\/rezerwa126p.pl\/","title":{"rendered":"Strona g\u0142\u00f3wna"},"content":{"rendered":"[vc_row row_type=&#8221;row&#8221; use_row_as_full_screen_section=&#8221;no&#8221; type=&#8221;full_width&#8221; text_align=&#8221;left&#8221;][vc_column][vc_column_text]<strong>Witamy serdecznie na Rezerwie 126p<\/strong> &#8211; portalu mi\u0142o\u015bnik\u00f3w Malucha. Na stronie znajdziecie porady pomagaj\u0105ce w\u0142a\u015bciwie eksploatowa\u0107 Wasze pojazdy, galeri\u0119 zdj\u0119\u0107, informacje dotycz\u0105ce najbli\u017cszych spot\u00f3w i zlot\u00f3w, forum dyskusyjne, i wiele innych ciekawych materia\u0142\u00f3w. Zapraszamy do zapoznania si\u0119 z zawarto\u015bci\u0105 strony, oraz na\u00a0<a href=\"http:\/\/forum.rezerwa126p.pl\/\" target=\"_blank\" rel=\"noopener\">forum.<\/a>[\/vc_column_text][vc_empty_space][vc_column_text]Jak widzicie strona dzia\u0142a w nowej wersji, kt\u00f3ra nie jest jeszcze do ko\u0144ca dopracowana, wi\u0119c nie zra\u017cajcie si\u0119 mniejszymi lub wi\u0119kszymi niedor\u00f3bkami :)[\/vc_column_text][\/vc_column][\/vc_row]\n","protected":false},"excerpt":{"rendered":"<p>[vc_row row_type=&#8221;row&#8221; use_row_as_full_screen_section=&#8221;no&#8221; type=&#8221;full_width&#8221; text_align=&#8221;left&#8221;][vc_column][vc_column_text]Witamy serdecznie na Rezerwie 126p &#8211; portalu mi\u0142o\u015bnik\u00f3w Malucha. Na stronie znajdziecie porady pomagaj\u0105ce w\u0142a\u015bciwie eksploatowa\u0107 Wasze pojazdy, galeri\u0119 zdj\u0119\u0107, informacje dotycz\u0105ce najbli\u017cszych spot\u00f3w i zlot\u00f3w, forum dyskusyjne, i wiele innych ciekawych materia\u0142\u00f3w. Zapraszamy do zapoznania si\u0119 z zawarto\u015bci\u0105 strony, oraz&#8230;<\/p>\n","protected":false},"author":1,"featured_media":0,"parent":0,"menu_order":0,"comment_status":"closed","ping_status":"closed","template":"","meta":{"advanced_seo_description":"","spay_email":""},"jetpack_sharing_enabled":true,"jetpack_shortlink":"https:\/\/wp.me\/P9KryZ-5YX","jetpack_likes_enabled":true,"jetpack-related-posts":[{"id":21991,"url":"http:\/\/rezerwa126p.pl\/?page_id=21991","url_meta":{"origin":22999,"position":0},"title":"Wymiana przegub\u00f3w","date":"2 listopada 2017","format":false,"excerpt":"[vc_row row_type=\"row\" use_row_as_full_screen_section=\"no\" type=\"full_width\" text_align=\"left\" css_animation=\"\"][vc_column][vc_single_image image=\"21992\" img_size=\"400x300\" add_caption=\"yes\" alignment=\"center\" onclick=\"link_image\" qode_css_animation=\"\"][vc_empty_space][vc_row_inner row_type=\"row\" type=\"full_width\" use_row_as_full_screen_section_slide=\"no\" text_align=\"left\" css_animation=\"\"][vc_column_inner][vc_column_text] Odkr\u0119camy 4 \u015bruby 13mm na zabieraku. Po odkr\u0119ceniu zsuwamy zabierak i wyci\u0105gamy spr\u0119\u017cynk\u0119 z p\u00f3\u0142osi. [\/vc_column_text][vc_empty_space][\/vc_column_inner][\/vc_row_inner][\/vc_column][\/vc_row][vc_row row_type=\"row\" use_row_as_full_screen_section=\"no\" type=\"full_width\" text_align=\"left\" css_animation=\"\"][vc_column][vc_single_image image=\"21993\" img_size=\"400x300\" add_caption=\"yes\" alignment=\"center\" onclick=\"link_image\" qode_css_animation=\"\"][vc_empty_space][vc_row_inner row_type=\"row\" type=\"full_width\" use_row_as_full_screen_section_slide=\"no\" text_align=\"left\" css_animation=\"\"][vc_column_inner][vc_column_text]3.\u00a0Ukazuje si\u0119\u2026","rel":"","context":"Similar post","img":{"alt_text":"","src":"","width":0,"height":0},"classes":[]},{"id":22306,"url":"http:\/\/rezerwa126p.pl\/?page_id=22306","url_meta":{"origin":22999,"position":1},"title":"Naprawa elekromagnesu rozrusznika","date":"4 listopada 2017","format":false,"excerpt":"[vc_row row_type=\"row\" use_row_as_full_screen_section=\"no\" type=\"full_width\" text_align=\"left\" css_animation=\"\"][vc_column][vc_column_text]Zdarza si\u0119 w \u017cyciu ka\u017cdego maluchowca taki moment, \u017ce chc\u0105c uruchomi\u0107 samoch\u00f3d przy pomocy kluczyka zamiast radosnego i ochoczego d\u017awi\u0119ku rozrusznika s\u0142yszy on tylko KLIK KLIK KLIK, i widzi na desce jak kontrolki lekko przygasaj\u0105. Taki stan rzeczy ma miejsce zazwyczaj z dw\u00f3ch powod\u00f3w: pierwszym\u2026","rel":"","context":"Similar post","img":{"alt_text":"","src":"","width":0,"height":0},"classes":[]},{"id":22462,"url":"http:\/\/rezerwa126p.pl\/?page_id=22462","url_meta":{"origin":22999,"position":2},"title":"Zmiana szyfru w &#8222;ruskim korku&#8221;","date":"4 listopada 2017","format":false,"excerpt":"[vc_row row_type=\"row\" use_row_as_full_screen_section=\"no\" type=\"full_width\" text_align=\"left\" css_animation=\"\"][vc_column][vc_column_text]Do zmiany szyfru w \u201eruskim korku\u201d niezb\u0119dny nam b\u0119dzie \u015brubokr\u0119t b\u0105d\u017a inne narz\u0119dzie o zbli\u017conym kszta\u0142cie oraz pomocny schemacik:[\/vc_column_text][vc_empty_space][vc_row_inner row_type=\"row\" type=\"full_width\" use_row_as_full_screen_section_slide=\"no\" text_align=\"left\" css_animation=\"\"][vc_column_inner][vc_single_image image=\"22463\" img_size=\"1000x900\" add_caption=\"yes\" alignment=\"center\" onclick=\"link_image\" qode_css_animation=\"\"][vc_empty_space][\/vc_column_inner][\/vc_row_inner][\/vc_column][\/vc_row][vc_row row_type=\"row\" use_row_as_full_screen_section=\"no\" type=\"full_width\" text_align=\"left\" css_animation=\"\"][vc_column][vc_column_text]W pierwszej kolejno\u015bci odwracamy korek stron\u0105 wewn\u0119trzn\u0105 do siebie. \u00a0 Aby\u2026","rel":"","context":"Similar post","img":{"alt_text":"","src":"","width":0,"height":0},"classes":[]},{"id":22048,"url":"http:\/\/rezerwa126p.pl\/?page_id=22048","url_meta":{"origin":22999,"position":3},"title":"Wymiana uszczelniaczy p\u00f3\u0142osi i oleju w skrzyni bieg\u00f3w","date":"2 listopada 2017","format":false,"excerpt":"[vc_row row_type=\"row\" use_row_as_full_screen_section=\"no\" type=\"full_width\" text_align=\"left\" css_animation=\"\"][vc_column][vc_column_text]Potrzebne narz\u0119dzia klucze 10 i 13 mm imbus 12 p\u0142aski \u015brubokr\u0119t troch\u0119 pomys\u0142\u00f3w Podnosimy samoch\u00f3d (albo wje\u017cd\u017camy na kana\u0142, je\u015bli mamy tak\u0105 mo\u017cliwo\u015b\u0107.) Imbusem 12 odkr\u0119camy korek spustowy skrzyni bieg\u00f3w i zlewamy stary olej ze skrzyni. [\/vc_column_text][vc_empty_space][vc_row_inner row_type=\"row\" type=\"full_width\" use_row_as_full_screen_section_slide=\"no\" text_align=\"left\" css_animation=\"\"][vc_column_inner width=\"1\/2\"][vc_single_image image=\"22049\" img_size=\"400x300\"\u2026","rel":"","context":"Similar post","img":{"alt_text":"","src":"","width":0,"height":0},"classes":[]},{"id":21800,"url":"http:\/\/rezerwa126p.pl\/?page_id=21800","url_meta":{"origin":22999,"position":4},"title":"Obni\u017canie zawieszenia","date":"1 listopada 2017","format":false,"excerpt":"[vc_row row_type=\"row\" use_row_as_full_screen_section=\"no\" type=\"full_width\" text_align=\"left\" css_animation=\"\"][vc_column][vc_column_text]Obni\u017cenie Malucha najlepiej zacz\u0105\u0107 od resora. Jego demonta\u017c i monta\u017c opisany jest w oddzielnym poradniku. \u00a0 Obni\u017canie przodu Mierzymy wysoko\u015b\u0107 resora i demontujemy jego spinki. Powinni\u015bmy u\u017cy\u0107 do tego m\u0142otka i przecinaka. Rozginamy zabezpieczenia, odginamy spink\u0119 i \u015bci\u0105gamy.[\/vc_column_text][vc_empty_space][vc_row_inner row_type=\"row\" type=\"full_width\" use_row_as_full_screen_section_slide=\"no\" text_align=\"left\" css_animation=\"\"][vc_column_inner width=\"1\/2\"][vc_single_image image=\"21805\"\u2026","rel":"","context":"Similar post","img":{"alt_text":"","src":"","width":0,"height":0},"classes":[]},{"id":22474,"url":"http:\/\/rezerwa126p.pl\/?page_id=22474","url_meta":{"origin":22999,"position":5},"title":"Czyszczenie tapicerki skajowej","date":"4 listopada 2017","format":false,"excerpt":"[vc_row row_type=\"row\" use_row_as_full_screen_section=\"no\" type=\"full_width\" text_align=\"left\" css_animation=\"\"][vc_column][vc_column_text]Jaki\u015b czas temu par\u0119 os\u00f3b mia\u0142o dylemat jak wyczy\u015bci\u0107 skajow\u0105 tapicerk\u0119. Postanowi\u0142em wi\u0119c podzieli\u0107 si\u0119 sposobem, w jaki zwykle czyszcz\u0119 moje tapicerki. Na warsztat posz\u0142a be\u017cowa kanapa z oparciem, kt\u00f3r\u0105 przywioz\u0142em od Wolfa jesieni\u0105:[\/vc_column_text][vc_empty_space][vc_row_inner row_type=\"row\" type=\"full_width\" use_row_as_full_screen_section_slide=\"no\" text_align=\"left\" css_animation=\"\"][vc_column_inner][vc_single_image image=\"22475\" img_size=\"400x300\" add_caption=\"yes\" alignment=\"center\" onclick=\"link_image\" qode_css_animation=\"\"][vc_empty_space][\/vc_column_inner][\/vc_row_inner][\/vc_column][\/vc_row][vc_row\u2026","rel":"","context":"Similar post","img":{"alt_text":"","src":"","width":0,"height":0},"classes":[]}],"_links":{"self":[{"href":"http:\/\/rezerwa126p.pl\/index.php?rest_route=\/wp\/v2\/pages\/22999"}],"collection":[{"href":"http:\/\/rezerwa126p.pl\/index.php?rest_route=\/wp\/v2\/pages"}],"about":[{"href":"http:\/\/rezerwa126p.pl\/index.php?rest_route=\/wp\/v2\/types\/page"}],"author":[{"embeddable":true,"href":"http:\/\/rezerwa126p.pl\/index.php?rest_route=\/wp\/v2\/users\/1"}],"replies":[{"embeddable":true,"href":"http:\/\/rezerwa126p.pl\/index.php?rest_route=%2Fwp%2Fv2%2Fcomments&post=22999"}],"version-history":[{"count":11,"href":"http:\/\/rezerwa126p.pl\/index.php?rest_route=\/wp\/v2\/pages\/22999\/revisions"}],"predecessor-version":[{"id":23838,"href":"http:\/\/rezerwa126p.pl\/index.php?rest_route=\/wp\/v2\/pages\/22999\/revisions\/23838"}],"wp:attachment":[{"href":"http:\/\/rezerwa126p.pl\/index.php?rest_route=%2Fwp%2Fv2%2Fmedia&parent=22999"}],"curies":[{"name":"wp","href":"https:\/\/api.w.org\/{rel}","templated":true}]}}