{"id":22927,"date":"2017-11-15T23:00:05","date_gmt":"2017-11-15T22:00:05","guid":{"rendered":"http:\/\/rezerwa126p.pl\/web\/?page_id=22927"},"modified":"2021-10-25T22:09:40","modified_gmt":"2021-10-25T20:09:40","slug":"rejestracja-pojazdu-na-zolte-tablice","status":"publish","type":"page","link":"http:\/\/rezerwa126p.pl\/?page_id=22927","title":{"rendered":"Rejestracja pojazdu na &#8222;\u017c\u00f3\u0142te tablice&#8221;"},"content":{"rendered":"[vc_row row_type=&#8221;row&#8221; use_row_as_full_screen_section=&#8221;no&#8221; type=&#8221;full_width&#8221; text_align=&#8221;left&#8221; css_animation=&#8221;&#8221;][vc_column][vc_column_text]Przychodzi taki moment, \u017ce postanawiamy, aby nasz Polski FIAT 126p pozyska\u0142 \u201e\u017b\u00f3\u0142te\u201d tablice rejestracyjne. Temat nie jest skomplikowany, ale mo\u017ce komu\u015b przyda si\u0119 kilka praktycznych informacji, jak przechodzimy t\u0119 \u015bcie\u017ck\u0119.<\/p>\n<p>Na pocz\u0105tek definicja:<\/p>\n<p><span style=\"text-decoration: underline;\">Pojazd zabytkowy<\/span><span class=\"Apple-converted-space\">\u00a0<\/span>\u2013 wedle ustawy \u201ePrawo o ruchu drogowym\u201d jest to pojazd, kt\u00f3ry na podstawie specjalnych przepis\u00f3w zosta\u0142 wpisany do rejestru zabytk\u00f3w ruchomych, lub znajduje si\u0119 w wojew\u00f3dzkiej ewidencji zabytk\u00f3w, a tak\u017ce pojazd wpisany do inwentarza muzeali\u00f3w, zgodnie z odr\u0119bnymi przepisami.<\/p>\n<p>W praktyce wszyscy posiadacze pojazd\u00f3w zabytkowych wpisuj\u0105 swoje samochody tylko do ewidencji zabytk\u00f3w, nie do rejestru. Pozwala to na posiadanie \u201e\u017c\u00f3\u0142tych\u201d tablic, a nie narzuca takich obostrze\u0144 ze strony konserwatora zbytk\u00f3w jak w przypadku wpisania do rejestru.<\/p>\n<p>W przypadku wpisania samochodu do rejestru (nie ewidencji) posiadacz samochodu zabytkowego mo\u017ce stara\u0107 si\u0119 o pozyskanie dotacji do remontu zabytku jednak \u015bcie\u017cka do tego nie jest mi jeszcze znana.<\/p>\n<p>Zaczynamy od podstaw. Na pocz\u0105tek wymagania wobec samochodu:<\/p>\n<ul>\n<li>25 lat wiek samochodu. Dodatkowo dany model samochodu musi by\u0107 wycofany z produkcji od przynajmniej 15 lat<\/li>\n<li>lub pojazd uznany przez uprawnionego rzeczoznawc\u0119 samochodowego za pojazd unikatowy, lub maj\u0105cy szczeg\u00f3lne znaczenie dla udokumentowania historii motoryzacji.<\/li>\n<li>pojazd wchodz\u0105cy w sk\u0142ad kolekcji pojazd\u00f3w zabytkowych (potwierdza to rzeczoznawca)<\/li>\n<\/ul>\n<p>Wiemy \u017ce mamy 25 letni samoch\u00f3d i model nie jest ju\u017c produkowany od 15 lat co dalej? Kolejnym krokiem jest tak zwana \u201eBia\u0142a karta\u201d, a dok\u0142adniej rzecz ujmuj\u0105c Karta Ewidencji Ruchomych Zabytk\u00f3w Techniki.<\/p>\n<p>&nbsp;<\/p>\n<p><strong>Bia\u0142a karta:<\/strong>[\/vc_column_text][vc_empty_space][vc_row_inner row_type=&#8221;row&#8221; type=&#8221;full_width&#8221; use_row_as_full_screen_section_slide=&#8221;no&#8221; text_align=&#8221;left&#8221; css_animation=&#8221;&#8221;][vc_column_inner][vc_single_image image=&#8221;22954&#8243; img_size=&#8221;medium&#8221; add_caption=&#8221;yes&#8221; alignment=&#8221;center&#8221; onclick=&#8221;link_image&#8221; qode_css_animation=&#8221;&#8221;][vc_empty_space][vc_single_image image=&#8221;22946&#8243; img_size=&#8221;medium&#8221; add_caption=&#8221;yes&#8221; alignment=&#8221;center&#8221; onclick=&#8221;link_image&#8221; qode_css_animation=&#8221;&#8221;][vc_empty_space][vc_single_image image=&#8221;22931&#8243; img_size=&#8221;medium&#8221; add_caption=&#8221;yes&#8221; alignment=&#8221;center&#8221; onclick=&#8221;link_image&#8221; qode_css_animation=&#8221;&#8221;][vc_empty_space][vc_single_image image=&#8221;22955&#8243; img_size=&#8221;medium&#8221; add_caption=&#8221;yes&#8221; alignment=&#8221;center&#8221; onclick=&#8221;link_image&#8221; qode_css_animation=&#8221;&#8221;][vc_empty_space][vc_single_image image=&#8221;22930&#8243; img_size=&#8221;medium&#8221; add_caption=&#8221;yes&#8221; alignment=&#8221;center&#8221; onclick=&#8221;link_image&#8221; qode_css_animation=&#8221;&#8221;][vc_empty_space][vc_single_image image=&#8221;22936&#8243; img_size=&#8221;medium&#8221; add_caption=&#8221;yes&#8221; alignment=&#8221;center&#8221; onclick=&#8221;link_image&#8221; qode_css_animation=&#8221;&#8221;][vc_empty_space][vc_single_image image=&#8221;22941&#8243; img_size=&#8221;medium&#8221; add_caption=&#8221;yes&#8221; alignment=&#8221;center&#8221; onclick=&#8221;link_image&#8221; qode_css_animation=&#8221;&#8221;][vc_empty_space][vc_single_image image=&#8221;22952&#8243; img_size=&#8221;medium&#8221; add_caption=&#8221;yes&#8221; alignment=&#8221;center&#8221; onclick=&#8221;link_image&#8221; qode_css_animation=&#8221;&#8221;][vc_empty_space][vc_empty_space][vc_single_image image=&#8221;22948&#8243; img_size=&#8221;medium&#8221; add_caption=&#8221;yes&#8221; alignment=&#8221;center&#8221; onclick=&#8221;link_image&#8221; qode_css_animation=&#8221;&#8221;][\/vc_column_inner][\/vc_row_inner][\/vc_column][\/vc_row][vc_row row_type=&#8221;row&#8221; use_row_as_full_screen_section=&#8221;no&#8221; type=&#8221;full_width&#8221; text_align=&#8221;left&#8221; css_animation=&#8221;&#8221;][vc_column][vc_column_text]Teoretycznie przedmiotowy dokument mo\u017cna wykona\u0107 samemu (czyste druki mo\u017cna znale\u017a\u0107 w Internecie), w praktyce warto zleci\u0107 to rzeczoznawcy ze wzgl\u0119du na konieczno\u015b\u0107 wykonania wraz z \u201eBia\u0142\u0105 kart\u0105\u201d Opinii Kwalifikacyjnej \u2013 niezb\u0119dnej do z\u0142o\u017cenia wraz z Bia\u0142\u0105 Kart\u0105 u Wojew\u00f3dzkiego Konserwatora Zabytk\u00f3w. Nale\u017cy te\u017c pami\u0119ta\u0107, i\u017c orygina\u0142 bia\u0142ej karty musi zosta\u0107 wykonany na papierze o odpowiedniej wielko\u015bci i gramaturze oraz zdj\u0119cia nie mog\u0105 by\u0107 wydrukowane, tylko wywo\u0142ane i wklejone w bia\u0142\u0105 kart\u0119.<\/p>\n<p>Dodatkowo rzeczoznawca w ramach jednej us\u0142ugi wykonuje \u201eWniosek o Przeprowadzenie Badania Zgodno\u015bci Pojazdu Zabytkowego z Warunkami Technicznymi\u201d dokument b\u0119dzie nam potrzebny w czasie p\u00f3\u017aniejszym kiedy b\u0119dziemy musieli uda\u0107 si\u0119 na stacj\u0119 diagnostyczn\u0105.<\/p>\n<p>Pytanie zasadnicze ile taka us\u0142uga ze strony rzeczoznawcy kosztuje. Z moich do\u015bwiadcze\u0144 kwota waha si\u0119 pomi\u0119dzy 450,00 pln netto a 570,00 pln netto, w zale\u017cno\u015bci od rzeczoznawcy.<\/p>\n<p>&nbsp;<\/p>\n<p><strong>Opinia kwalifikacyjna<\/strong>[\/vc_column_text][vc_empty_space][vc_row_inner row_type=&#8221;row&#8221; type=&#8221;full_width&#8221; use_row_as_full_screen_section_slide=&#8221;no&#8221; text_align=&#8221;left&#8221; css_animation=&#8221;&#8221;][vc_column_inner][vc_single_image image=&#8221;22945&#8243; img_size=&#8221;medium&#8221; add_caption=&#8221;yes&#8221; alignment=&#8221;center&#8221; onclick=&#8221;link_image&#8221; qode_css_animation=&#8221;&#8221;][vc_empty_space][vc_single_image image=&#8221;22938&#8243; img_size=&#8221;medium&#8221; add_caption=&#8221;yes&#8221; alignment=&#8221;center&#8221; onclick=&#8221;link_image&#8221; qode_css_animation=&#8221;&#8221;][vc_empty_space][vc_single_image image=&#8221;22953&#8243; img_size=&#8221;medium&#8221; add_caption=&#8221;yes&#8221; alignment=&#8221;center&#8221; onclick=&#8221;link_image&#8221; qode_css_animation=&#8221;&#8221;][vc_empty_space][vc_single_image image=&#8221;22928&#8243; img_size=&#8221;medium&#8221; add_caption=&#8221;yes&#8221; alignment=&#8221;center&#8221; onclick=&#8221;link_image&#8221; qode_css_animation=&#8221;&#8221;][vc_empty_space][vc_single_image image=&#8221;22949&#8243; img_size=&#8221;medium&#8221; add_caption=&#8221;yes&#8221; alignment=&#8221;center&#8221; onclick=&#8221;link_image&#8221; qode_css_animation=&#8221;&#8221;][vc_empty_space][vc_single_image image=&#8221;22943&#8243; img_size=&#8221;medium&#8221; add_caption=&#8221;yes&#8221; alignment=&#8221;center&#8221; onclick=&#8221;link_image&#8221; qode_css_animation=&#8221;&#8221;][vc_empty_space][vc_single_image image=&#8221;22932&#8243; img_size=&#8221;medium&#8221; add_caption=&#8221;yes&#8221; alignment=&#8221;center&#8221; onclick=&#8221;link_image&#8221; qode_css_animation=&#8221;&#8221;][vc_empty_space][vc_single_image image=&#8221;22940&#8243; img_size=&#8221;medium&#8221; add_caption=&#8221;yes&#8221; alignment=&#8221;center&#8221; onclick=&#8221;link_image&#8221; qode_css_animation=&#8221;&#8221;][vc_empty_space][vc_empty_space][vc_single_image image=&#8221;22942&#8243; img_size=&#8221;medium&#8221; add_caption=&#8221;yes&#8221; alignment=&#8221;center&#8221; onclick=&#8221;link_image&#8221; qode_css_animation=&#8221;&#8221;][\/vc_column_inner][\/vc_row_inner][\/vc_column][\/vc_row][vc_row row_type=&#8221;row&#8221; use_row_as_full_screen_section=&#8221;no&#8221; type=&#8221;full_width&#8221; text_align=&#8221;left&#8221; css_animation=&#8221;&#8221;][vc_column][vc_column_text]Mamy trzy najwa\u017cniejsze dokumenty (z tego Bia\u0142a karta w dw\u00f3ch egzemplarzach). W tym momencie wypisujemy podanie do Wojew\u00f3dzkiego Konserwatora Zabytk\u00f3w z pro\u015bb\u0105 o wpisanie samochodu do Ewidencji Ruchomych Zabytk\u00f3w Techniki. Do podania do\u0142\u0105czamy dwa orygina\u0142y \u201eBia\u0142ych Kart\u201d, oraz opini\u0119 kwalifikacyjn\u0105. Czekamy ustawowe 14 dni i dostajemy na adres domowy list polecony z potwierdzeniem odbioru, zawieraj\u0105cy formalne pismo od konserwatora zabytk\u00f3w, potwierdzaj\u0105ce wpisanie samochodu do ewidencji. Dobra wiadomo\u015b\u0107 &#8211; us\u0142uga wpisania do ewidencji jest bezp\u0142atna.[\/vc_column_text][vc_empty_space][vc_row_inner row_type=&#8221;row&#8221; type=&#8221;full_width&#8221; use_row_as_full_screen_section_slide=&#8221;no&#8221; text_align=&#8221;left&#8221; css_animation=&#8221;&#8221;][vc_column_inner][vc_single_image image=&#8221;22929&#8243; img_size=&#8221;medium&#8221; add_caption=&#8221;yes&#8221; alignment=&#8221;center&#8221; onclick=&#8221;link_image&#8221; qode_css_animation=&#8221;&#8221;][vc_empty_space][\/vc_column_inner][\/vc_row_inner][\/vc_column][\/vc_row][vc_row row_type=&#8221;row&#8221; use_row_as_full_screen_section=&#8221;no&#8221; type=&#8221;full_width&#8221; text_align=&#8221;left&#8221; css_animation=&#8221;&#8221;][vc_column][vc_column_text]Maj\u0105c w r\u0119ce potwierdzenie od konserwatora wpisania do ewidencji dok\u0142adamy do tego Wniosek o Przeprowadzenie Badania Zgodno\u015bci Pojazdu Zabytkowego z Warunkami Technicznymi, wykonany wcze\u015bniej przez rzeczoznawc\u0119 i udajemy si\u0119 na Okr\u0119gow\u0105 Stacj\u0119 Diagnostyczn\u0105 wykona\u0107 przegl\u0105d. Niestety nie bezp\u0142atny ale na ten moment chocia\u017c bezterminowy. Koszt wykonania przegl\u0105du w zale\u017cno\u015bci od stacji od 100.00 do 300,00 z\u0142otych brutto. Ja p\u0142aci\u0142em 160,00. Czas trwania przegl\u0105du wraz z wypisaniem dokument\u00f3w, to oko\u0142o 30 minut.<\/p>\n<p>Po pozytywnym przej\u015bciu badania otrzymujemy od diagnosty dwa dokumenty:<\/p>\n<ul>\n<li>Za\u015bwiadczenie o przeprowadzonym Badaniu co do Zgodno\u015bci z Warunkami Technicznymi Pojazdu Zabytkowego<\/li>\n<li>Protok\u00f3\u0142 Oceny Stanu Technicznego Pojazdu Zabytkowego<\/li>\n<\/ul>\n[\/vc_column_text][vc_empty_space][vc_row_inner row_type=&#8221;row&#8221; type=&#8221;full_width&#8221; use_row_as_full_screen_section_slide=&#8221;no&#8221; text_align=&#8221;left&#8221; css_animation=&#8221;&#8221;][vc_column_inner][vc_single_image image=&#8221;22939&#8243; img_size=&#8221;medium&#8221; add_caption=&#8221;yes&#8221; alignment=&#8221;center&#8221; onclick=&#8221;link_image&#8221; qode_css_animation=&#8221;&#8221;][vc_empty_space][vc_single_image image=&#8221;22947&#8243; img_size=&#8221;medium&#8221; add_caption=&#8221;yes&#8221; alignment=&#8221;center&#8221; onclick=&#8221;link_image&#8221; qode_css_animation=&#8221;&#8221;][vc_empty_space][vc_single_image image=&#8221;22933&#8243; img_size=&#8221;medium&#8221; add_caption=&#8221;yes&#8221; alignment=&#8221;center&#8221; onclick=&#8221;link_image&#8221; qode_css_animation=&#8221;&#8221;][vc_empty_space][\/vc_column_inner][\/vc_row_inner][\/vc_column][\/vc_row][vc_row row_type=&#8221;row&#8221; use_row_as_full_screen_section=&#8221;no&#8221; type=&#8221;full_width&#8221; text_align=&#8221;left&#8221; css_animation=&#8221;&#8221;][vc_column][vc_column_text]W tym momencie pozostaje nam tylko uda\u0107 si\u0119 do Wydzia\u0142u Komunikacji zam\u00f3wi\u0107 \u017c\u00f3\u0142te tablice rejestracyjne. Niestety zam\u00f3wi\u0107, poniewa\u017c nie wszystkie urz\u0119dy posiadaj\u0105 takowe na stanie i cz\u0119sto s\u0105 one zamawiane pod klienta po spe\u0142nieniu warunk\u00f3w i okre\u015bleniu rodzaju tablic (prostok\u0105tne lub kwadratowe)<\/p>\n<p><span style=\"text-decoration: underline;\">Id\u0105c do urz\u0119du zabieramy trzy dokumenty:\u00a0<\/span><\/p>\n<ul>\n<li>Potwierdzenie przez Konserwatora Zabytk\u00f3w Wpisania do Ewidencji;<\/li>\n<li>Za\u015bwiadczenie o przeprowadzonym Badaniu co do Zgodno\u015bci z Warunkami Technicznymi Pojazdu Zabytkowego<\/li>\n<li>Protok\u00f3\u0142 Oceny Stanu Technicznego Pojazdu Zabytkowego<\/li>\n<\/ul>\n<p>Wp\u0142acamy w kasie urz\u0119du 200,50 pln brutto czekamy tydzie\u0144 i cieszymy si\u0119 nowymi \u017c\u00f3\u0142tymi tablicami w swoim wspania\u0142ym samochodzie[\/vc_column_text][vc_empty_space][vc_row_inner row_type=&#8221;row&#8221; type=&#8221;full_width&#8221; use_row_as_full_screen_section_slide=&#8221;no&#8221; text_align=&#8221;left&#8221; css_animation=&#8221;&#8221;][vc_column_inner][vc_single_image image=&#8221;22937&#8243; img_size=&#8221;medium&#8221; add_caption=&#8221;yes&#8221; alignment=&#8221;center&#8221; onclick=&#8221;link_image&#8221; qode_css_animation=&#8221;&#8221;][vc_empty_space][\/vc_column_inner][\/vc_row_inner][vc_column_text]<a href=\"http:\/\/forum.rezerwa126p.pl\/profile.php?mode=viewprofile&amp;u=375\">T_NIK<\/a>[\/vc_column_text][\/vc_column][\/vc_row]\n","protected":false},"excerpt":{"rendered":"<p>[vc_row row_type=&#8221;row&#8221; use_row_as_full_screen_section=&#8221;no&#8221; type=&#8221;full_width&#8221; text_align=&#8221;left&#8221; css_animation=&#8221;&#8221;][vc_column][vc_column_text]Przychodzi taki moment, \u017ce postanawiamy, aby nasz Polski FIAT 126p pozyska\u0142 \u201e\u017b\u00f3\u0142te\u201d tablice rejestracyjne. Temat nie jest skomplikowany, ale mo\u017ce komu\u015b przyda si\u0119 kilka praktycznych informacji, jak przechodzimy t\u0119 \u015bcie\u017ck\u0119. Na pocz\u0105tek definicja: Pojazd zabytkowy\u00a0\u2013 wedle ustawy \u201ePrawo o ruchu&#8230;<\/p>\n","protected":false},"author":2,"featured_media":0,"parent":22925,"menu_order":0,"comment_status":"closed","ping_status":"closed","template":"","meta":{"advanced_seo_description":"","spay_email":""},"jetpack_sharing_enabled":true,"jetpack_shortlink":"https:\/\/wp.me\/P9KryZ-5XN","jetpack_likes_enabled":true,"jetpack-related-posts":[{"id":22429,"url":"http:\/\/rezerwa126p.pl\/?page_id=22429","url_meta":{"origin":22927,"position":0},"title":"\u017b\u00f3\u0142te reflektory &#8211; malowanie odb\u0142y\u015bnika lampy","date":"4 listopada 2017","format":false,"excerpt":"[vc_row row_type=\"row\" use_row_as_full_screen_section=\"no\" type=\"full_width\" text_align=\"left\" css_animation=\"\"][vc_column][vc_column_text]Lampy malowa\u0142em farb\u0105 do szk\u0142a Vitrail 199 Yellow za pomoc\u0105 aerografu, daje cienk\u0105 i r\u00f3wn\u0105 warstw\u0119 farby. \u00a0 Czas: oko\u0142o p\u00f3\u0142torej godziny na klosz. \u00a0 Potrzebne materia\u0142y i narz\u0119dzia: N\u00f3\u017c z \u0142amanym ostrzem, Cienki \u015brubokr\u0119t p\u0142aski, b\u0105d\u017a ma\u0142e d\u0142utko, Farba transparentna do szk\u0142a np. Vitrail,\u2026","rel":"","context":"Similar post","img":{"alt_text":"","src":"","width":0,"height":0},"classes":[]},{"id":22828,"url":"http:\/\/rezerwa126p.pl\/?page_id=22828","url_meta":{"origin":22927,"position":1},"title":"Fiat 126p LPT","date":"6 listopada 2017","format":false,"excerpt":"[vc_row row_type=\"row\" use_row_as_full_screen_section=\"no\" type=\"full_width\" text_align=\"left\" css_animation=\"\"][vc_column][vc_column_text]Na potrzeby wojska zbudowano Fiata 126p LPT \u2013 Lekki Pojazd Terenowy. Ten ciekawy pojazd mia\u0142 trzy osie, i by\u0142 przystosowany do p\u0142ywania dzi\u0119ki zamontowanej \u015brubie, pod\u0142\u0105czanej przez \u015brodkow\u0105 o\u015b. \u00a0 Nadwozie wykonano z w\u0142\u00f3kna szklanego, na przedniej szybie zamontowano trzy wycieraczki. Dzi\u0119ki temu, \u017ce \u015brodkowa\u2026","rel":"","context":"Similar post","img":{"alt_text":"","src":"https:\/\/i0.wp.com\/img.youtube.com\/vi\/kvj2e1kvsuQ\/0.jpg?resize=350%2C200","width":350,"height":200},"classes":[]},{"id":22960,"url":"http:\/\/rezerwa126p.pl\/?page_id=22960","url_meta":{"origin":22927,"position":2},"title":"\u017b\u00f3\u0142te \u017car\u00f3wki przednich \u015bwiate\u0142","date":"20 listopada 2017","format":false,"excerpt":"[vc_row row_type=\"row\" use_row_as_full_screen_section=\"no\" type=\"full_width\" text_align=\"left\" css_animation=\"\"][vc_column][vc_column_text]Z dniem pierwszego stycznia 2010 roku wszed\u0142 w \u017cycie zakaz u\u017cywania \u017c\u00f3\u0142tych \u015bwiate\u0142 pozycyjnych, mijania i drogowych. Przepis ten szczeg\u00f3lnie da\u0142 si\u0119 we znaki w\u0142a\u015bcicielom klasycznych aut, kt\u00f3rzy ch\u0119tnie montowali w swoich pojazdach klasyczne \u017c\u00f3\u0142te \u017car\u00f3wki czy klosze. Zgodnie z obowi\u0105zuj\u0105c\u0105 ustaw\u0105 zakazem nie musz\u0105\u2026","rel":"","context":"Similar post","img":{"alt_text":"","src":"","width":0,"height":0},"classes":[]},{"id":22962,"url":"http:\/\/rezerwa126p.pl\/?page_id=22962","url_meta":{"origin":22927,"position":3},"title":"Literatura","date":"22 listopada 2017","format":false,"excerpt":"[vc_row row_type=\"row\" use_row_as_full_screen_section=\"no\" type=\"full_width\" text_align=\"left\" css_animation=\"\"][vc_column][vc_column_text]W obliczu wielu ksi\u0105\u017cek, jakie wydano na przestrzeni lat, a s\u0105 w r\u00f3\u017cny spos\u00f3b po\u015bwi\u0119cone Fiatowi 126p, pozwolili\u015bmy sobie na sporz\u0105dzenie ma\u0142ego wykazu. W wiele z ni\u017cej wymienionych pozycji z powodzeniem mo\u017cemy zaopatrzy\u0107 si\u0119 na rynku wt\u00f3rnym. Znalezienie na p\u00f3\u0142kach nowych egzemplarzy jest niestety nierealne.\u2026","rel":"","context":"Similar post","img":{"alt_text":"","src":"","width":0,"height":0},"classes":[]},{"id":22068,"url":"http:\/\/rezerwa126p.pl\/?page_id=22068","url_meta":{"origin":22927,"position":4},"title":"Wymiana \u0142o\u017cysk k\u00f3\u0142 przednich","date":"2 listopada 2017","format":false,"excerpt":"[vc_row row_type=\"row\" use_row_as_full_screen_section=\"no\" type=\"full_width\" text_align=\"left\" css_animation=\"\"][vc_column][vc_column_text]W \u017cyciu ka\u017cdego Polskiego Fiata 126p czasami przychodzi taki moment, kiedy r\u00f3\u017cne r\u00f3\u017cniste elementy ruchome samochodu wyrobi\u0105 sw\u00f3j okre\u015blony przebieg i owe elementy przestaj\u0105 odpowiednio spe\u0142nia\u0107 swoj\u0105 funkcj\u0119, przestaj\u0105 si\u0119 nadawa\u0107 do dalszego u\u017cycia i zaczynaj\u0105 si\u0119 przypomina\u0107 w\u0142a\u015bcicielowi pojazdu poprzez wydawanie r\u00f3\u017cnych nietypowych i\u2026","rel":"","context":"Similar post","img":{"alt_text":"","src":"","width":0,"height":0},"classes":[]},{"id":23735,"url":"http:\/\/rezerwa126p.pl\/?page_id=23735","url_meta":{"origin":22927,"position":5},"title":"Regulamin Sklepu","date":"16 listopada 2021","format":false,"excerpt":"[vc_row][vc_column][vc_column_text] Regulamin REGULAMIN SKLEPU INTERNETOWEGO REZERWA 126P Sklep internetowy REZERWA 126P dzia\u0142aj\u0105cy pod adresem www.rezerwa126p.pl\/sklep nale\u017cy do Sary Wawrzynek, prowadz\u0105cej gospodarcz\u0105 pod nazw\u0105 ,,Firma Handlowo Us\u0142ugowa Sara Wawrzynek\u201d z siedzib\u0105 w Rudzie \u015al\u0105skiej (41-706), ul. 1 Maja 73, wpisana do Centralnej Ewidencji i Informacji o Dzia\u0142alno\u015bci Gospodarczej, pos\u0142uguj\u0105ca si\u0119 numerem\u2026","rel":"","context":"Similar post","img":{"alt_text":"","src":"","width":0,"height":0},"classes":[]}],"_links":{"self":[{"href":"http:\/\/rezerwa126p.pl\/index.php?rest_route=\/wp\/v2\/pages\/22927"}],"collection":[{"href":"http:\/\/rezerwa126p.pl\/index.php?rest_route=\/wp\/v2\/pages"}],"about":[{"href":"http:\/\/rezerwa126p.pl\/index.php?rest_route=\/wp\/v2\/types\/page"}],"author":[{"embeddable":true,"href":"http:\/\/rezerwa126p.pl\/index.php?rest_route=\/wp\/v2\/users\/2"}],"replies":[{"embeddable":true,"href":"http:\/\/rezerwa126p.pl\/index.php?rest_route=%2Fwp%2Fv2%2Fcomments&post=22927"}],"version-history":[{"count":1,"href":"http:\/\/rezerwa126p.pl\/index.php?rest_route=\/wp\/v2\/pages\/22927\/revisions"}],"predecessor-version":[{"id":22956,"href":"http:\/\/rezerwa126p.pl\/index.php?rest_route=\/wp\/v2\/pages\/22927\/revisions\/22956"}],"up":[{"embeddable":true,"href":"http:\/\/rezerwa126p.pl\/index.php?rest_route=\/wp\/v2\/pages\/22925"}],"wp:attachment":[{"href":"http:\/\/rezerwa126p.pl\/index.php?rest_route=%2Fwp%2Fv2%2Fmedia&parent=22927"}],"curies":[{"name":"wp","href":"https:\/\/api.w.org\/{rel}","templated":true}]}}