{"id":22826,"date":"2017-11-06T21:33:49","date_gmt":"2017-11-06T20:33:49","guid":{"rendered":"http:\/\/rezerwa126p.pl\/web\/?page_id=22826"},"modified":"2021-10-25T22:09:40","modified_gmt":"2021-10-25T20:09:40","slug":"fiat-126p-long","status":"publish","type":"page","link":"http:\/\/rezerwa126p.pl\/?page_id=22826","title":{"rendered":"Fiat 126p LONG"},"content":{"rendered":"[vc_row row_type=&#8221;row&#8221; use_row_as_full_screen_section=&#8221;no&#8221; type=&#8221;full_width&#8221; text_align=&#8221;left&#8221; css_animation=&#8221;&#8221;][vc_column][vc_column_text]W OBR SM \u2013 O\u015brodku Badania Rozwoju Samochod\u00f3w Ma\u0142olitra\u017cowych przy bielskiej fabryce nie pr\u00f3\u017cnowano, i w 1975 roku zbudowano tam Fiata 126p LONG \u2013 wyd\u0142u\u017conego Malucha.<\/p>\n<p>&nbsp;<\/p>\n<p>Orygina\u0142 poddano wielu zmianom technicznym: zwi\u0119kszono rozstaw osi, d\u0142ugo\u015b\u0107 pojazdu wzros\u0142a o 100 mm, dzi\u0119ki czemu wygospodarowano wi\u0119cej miejsca dla pasa\u017cer\u00f3w z ty\u0142u. Przewiduj\u0105c wi\u0119ksze obci\u0105\u017cenie in\u017cynierowie zwi\u0119kszyli moc silnika. Silnik o dotychczasowej pojemno\u015bci \u2013 594 cm3 osi\u0105ga\u0142 moc 19 kW przy 4600 obr\/min, co by\u0142o wynikiem o 2 kW wi\u0119kszym ni\u017c w klasycznym Ma\u0142ym Fiacie. \u015arednica zawor\u00f3w dolotowych zosta\u0142a powi\u0119kszona, zmianie uleg\u0142y fazy rozrz\u0105du i budowa ga\u017anika. Zmieniono r\u00f3wnie\u017c tylne zawieszenie \u2013 zosta\u0142o wzmocnione, ze wzgl\u0119du na wi\u0119ksz\u0105 \u0142adowno\u015b\u0107. Pomimo tego, \u017ce masa w\u0142asna wersji Long wzros\u0142a do 610 kg, samoch\u00f3d rozp\u0119dza\u0142 si\u0119 do wi\u0119kszej ni\u017c pierwowz\u00f3r pr\u0119dko\u015bci \u2013 110 km\/h.<\/p>\n<p>&nbsp;<\/p>\n<p>Prace przy silniku prototypu prowadzili in\u017cynierowie Wojciech Okulicz i Wojciech Trybus, za\u015b nad ca\u0142ym projektem czuwa\u0142 mgr in\u017c. Wies\u0142aw Wiatrak.[\/vc_column_text][\/vc_column][\/vc_row]\n","protected":false},"excerpt":{"rendered":"<p>[vc_row row_type=&#8221;row&#8221; use_row_as_full_screen_section=&#8221;no&#8221; type=&#8221;full_width&#8221; text_align=&#8221;left&#8221; css_animation=&#8221;&#8221;][vc_column][vc_column_text]W OBR SM \u2013 O\u015brodku Badania Rozwoju Samochod\u00f3w Ma\u0142olitra\u017cowych przy bielskiej fabryce nie pr\u00f3\u017cnowano, i w 1975 roku zbudowano tam Fiata 126p LONG \u2013 wyd\u0142u\u017conego Malucha. &nbsp; Orygina\u0142 poddano wielu zmianom technicznym: zwi\u0119kszono rozstaw osi, d\u0142ugo\u015b\u0107 pojazdu wzros\u0142a o 100&#8230;<\/p>\n","protected":false},"author":2,"featured_media":0,"parent":22798,"menu_order":0,"comment_status":"closed","ping_status":"closed","template":"","meta":{"advanced_seo_description":"","spay_email":""},"jetpack_sharing_enabled":true,"jetpack_shortlink":"https:\/\/wp.me\/P9KryZ-5Wa","jetpack_likes_enabled":true,"jetpack-related-posts":[{"id":22710,"url":"http:\/\/rezerwa126p.pl\/?page_id=22710","url_meta":{"origin":22826,"position":0},"title":"Opis modelu","date":"5 listopada 2017","format":false,"excerpt":"[vc_row row_type=\"row\" use_row_as_full_screen_section=\"no\" type=\"full_width\" text_align=\"left\" css_animation=\"\"][vc_column][vc_column_text]Pod koniec lat 80. popyt na malucha na rynkach zagranicznych spad\u0142, co by\u0142o powodem do rozwa\u017ca\u0144 na temat gruntownej przebudowy 126p. W ten spos\u00f3b powsta\u0142 Fiat 126 BIS, zaprezentowany po raz pierwszy jesieni\u0105 1987 roku na targach we Frankfurcie. \u00a0 Najbardziej widoczna na pierwszy rzut\u2026","rel":"","context":"Similar post","img":{"alt_text":"","src":"","width":0,"height":0},"classes":[]},{"id":22800,"url":"http:\/\/rezerwa126p.pl\/?page_id=22800","url_meta":{"origin":22826,"position":1},"title":"Fiat 126p NP","date":"6 listopada 2017","format":false,"excerpt":"[vc_row row_type=\"row\" use_row_as_full_screen_section=\"no\" type=\"full_width\" text_align=\"left\" css_animation=\"\"][vc_column][vc_column_text]Po tym jak Fiat 126p zdominowa\u0142 polski rynek, FSM chcia\u0142 stworzy\u0107 wi\u0119cej pojazd\u00f3w opartych na tym modelu. Najwi\u0119ksz\u0105 przeszkod\u0105 w dalszym rozwijaniu samochodu by\u0142 umieszczony z ty\u0142u silnik, w zwi\u0105zku z czym zbudowano prototyp z silnikiem umieszczonym z przodu \u2013 Fiat 126p NP (Nap\u0119d Przedni).\u2026","rel":"","context":"Similar post","img":{"alt_text":"","src":"","width":0,"height":0},"classes":[]},{"id":22814,"url":"http:\/\/rezerwa126p.pl\/?page_id=22814","url_meta":{"origin":22826,"position":2},"title":"Fiat 126p BOMBEL","date":"6 listopada 2017","format":false,"excerpt":"[vc_row row_type=\"row\" use_row_as_full_screen_section=\"no\" type=\"full_width\" text_align=\"left\" css_animation=\"\"][vc_column][vc_column_text]Kiedy ruszy\u0142a seryjna produkcja Fiata 126p w Polsce, in\u017cynierowie zacz\u0119li my\u015ble\u0107 nad r\u00f3\u017cnymi wersjami popularnego Malucha. Jednym z pomys\u0142\u00f3w by\u0142a idea stworzenia ma\u0142ego auta dostawczego. Przy wsp\u00f3\u0142pracy z Akademi\u0105 Sztuk Pi\u0119knych w 1974 roku zaprojektowano jego bry\u0142\u0119. Jak wida\u0107, zmianie uleg\u0142 ty\u0142 auta, w tylnej\u2026","rel":"","context":"Similar post","img":{"alt_text":"","src":"","width":0,"height":0},"classes":[]},{"id":22503,"url":"http:\/\/rezerwa126p.pl\/?page_id=22503","url_meta":{"origin":22826,"position":3},"title":"Kalendarium","date":"4 listopada 2017","format":false,"excerpt":"[vc_row row_type=\"row\" use_row_as_full_screen_section=\"no\" type=\"full_width\" text_align=\"left\" css_animation=\"\"][vc_column][vc_column_text]We\u00a0wrze\u015bniu 1972 roku\u00a0wyprodukowano we w\u0142oskim Cassino pierwsz\u0105 seri\u0119 pr\u00f3bn\u0105 w ilo\u015bci 100 egzemplarzy. \u00a0 Oficjalna premiera Fiata 126 odby\u0142a si\u0119\u00a09 wrze\u015bnia roku 1972,\u00a0jednocze\u015bnie we W\u0142oszech \u2013 w salonie samochodowym w Turynie i w Polsce - na Placu Defilad. Historia Polskiego Fiata 126p rozpocz\u0119\u0142a si\u0119 od\u2026","rel":"","context":"Similar post","img":{"alt_text":"","src":"","width":0,"height":0},"classes":[]},{"id":22817,"url":"http:\/\/rezerwa126p.pl\/?page_id=22817","url_meta":{"origin":22826,"position":4},"title":"Fiat 126p COMBI","date":"6 listopada 2017","format":false,"excerpt":"[vc_row row_type=\"row\" use_row_as_full_screen_section=\"no\" type=\"full_width\" text_align=\"left\" css_animation=\"\"][vc_column][vc_column_text]Ju\u017c w trzy lata po rozpocz\u0119ciu produkcji Fiata 126p, w 1976 roku podj\u0119to prace nad budow\u0105 Polskiego Fiata 126p Combi. Wybudowane prototypy znacz\u0105co r\u00f3\u017cni\u0142y si\u0119 od pierwotnej wersji Malucha.[\/vc_column_text][vc_empty_space][vc_row_inner row_type=\"row\" type=\"full_width\" use_row_as_full_screen_section_slide=\"no\" text_align=\"left\" css_animation=\"\"][vc_column_inner][vc_single_image image=\"22821\" img_size=\"medium\" add_caption=\"yes\" alignment=\"center\" onclick=\"link_image\" qode_css_animation=\"\"][\/vc_column_inner][\/vc_row_inner][vc_empty_space][\/vc_column][\/vc_row][vc_row row_type=\"row\" use_row_as_full_screen_section=\"no\" type=\"full_width\" text_align=\"left\" css_animation=\"\"][vc_column][vc_column_text]Do\u2026","rel":"","context":"Similar post","img":{"alt_text":"","src":"","width":0,"height":0},"classes":[]},{"id":22962,"url":"http:\/\/rezerwa126p.pl\/?page_id=22962","url_meta":{"origin":22826,"position":5},"title":"Literatura","date":"22 listopada 2017","format":false,"excerpt":"[vc_row row_type=\"row\" use_row_as_full_screen_section=\"no\" type=\"full_width\" text_align=\"left\" css_animation=\"\"][vc_column][vc_column_text]W obliczu wielu ksi\u0105\u017cek, jakie wydano na przestrzeni lat, a s\u0105 w r\u00f3\u017cny spos\u00f3b po\u015bwi\u0119cone Fiatowi 126p, pozwolili\u015bmy sobie na sporz\u0105dzenie ma\u0142ego wykazu. W wiele z ni\u017cej wymienionych pozycji z powodzeniem mo\u017cemy zaopatrzy\u0107 si\u0119 na rynku wt\u00f3rnym. Znalezienie na p\u00f3\u0142kach nowych egzemplarzy jest niestety nierealne.\u2026","rel":"","context":"Similar post","img":{"alt_text":"","src":"","width":0,"height":0},"classes":[]}],"_links":{"self":[{"href":"http:\/\/rezerwa126p.pl\/index.php?rest_route=\/wp\/v2\/pages\/22826"}],"collection":[{"href":"http:\/\/rezerwa126p.pl\/index.php?rest_route=\/wp\/v2\/pages"}],"about":[{"href":"http:\/\/rezerwa126p.pl\/index.php?rest_route=\/wp\/v2\/types\/page"}],"author":[{"embeddable":true,"href":"http:\/\/rezerwa126p.pl\/index.php?rest_route=\/wp\/v2\/users\/2"}],"replies":[{"embeddable":true,"href":"http:\/\/rezerwa126p.pl\/index.php?rest_route=%2Fwp%2Fv2%2Fcomments&post=22826"}],"version-history":[{"count":1,"href":"http:\/\/rezerwa126p.pl\/index.php?rest_route=\/wp\/v2\/pages\/22826\/revisions"}],"predecessor-version":[{"id":22827,"href":"http:\/\/rezerwa126p.pl\/index.php?rest_route=\/wp\/v2\/pages\/22826\/revisions\/22827"}],"up":[{"embeddable":true,"href":"http:\/\/rezerwa126p.pl\/index.php?rest_route=\/wp\/v2\/pages\/22798"}],"wp:attachment":[{"href":"http:\/\/rezerwa126p.pl\/index.php?rest_route=%2Fwp%2Fv2%2Fmedia&parent=22826"}],"curies":[{"name":"wp","href":"https:\/\/api.w.org\/{rel}","templated":true}]}}