{"id":22814,"date":"2017-11-06T21:19:45","date_gmt":"2017-11-06T20:19:45","guid":{"rendered":"http:\/\/rezerwa126p.pl\/web\/?page_id=22814"},"modified":"2021-10-25T22:09:40","modified_gmt":"2021-10-25T20:09:40","slug":"fiat-126p-bombel","status":"publish","type":"page","link":"http:\/\/rezerwa126p.pl\/?page_id=22814","title":{"rendered":"Fiat 126p BOMBEL"},"content":{"rendered":"[vc_row row_type=&#8221;row&#8221; use_row_as_full_screen_section=&#8221;no&#8221; type=&#8221;full_width&#8221; text_align=&#8221;left&#8221; css_animation=&#8221;&#8221;][vc_column][vc_column_text]Kiedy ruszy\u0142a seryjna produkcja Fiata 126p w Polsce, in\u017cynierowie zacz\u0119li my\u015ble\u0107 nad r\u00f3\u017cnymi wersjami popularnego Malucha. Jednym z pomys\u0142\u00f3w by\u0142a idea stworzenia ma\u0142ego auta dostawczego. Przy wsp\u00f3\u0142pracy z Akademi\u0105 Sztuk Pi\u0119knych w 1974 roku zaprojektowano jego bry\u0142\u0119. Jak wida\u0107, zmianie uleg\u0142 ty\u0142 auta, w tylnej cz\u0119\u015bci nadwozia zamontowano wykonan\u0105 z \u017cywicy i w\u0142\u00f3kna szklanego nadbudow\u0119 (dzi\u0119ki jej ob\u0142emu kszta\u0142towi auto nazwano Bombel). Dzi\u0119ki niej przestrze\u0144 \u0142adunkowa ma\u0142ego furgonu wynosi\u0142a 1m sze\u015bcienny. Mia\u0142a ona dwa poziomy: g\u00f3rny z p\u0142ask\u0105 powierzchni\u0105 dost\u0119pn\u0105 poprzez tylne drzwi oraz dolny, kt\u00f3ry tworzy\u0142a wn\u0119ka dost\u0119pna za przednimi siedzeniami. Po usuni\u0119ciu p\u00f3\u0142ki pomi\u0119dzy g\u00f3rnym, a dolnym poziomie \u0142adowno\u015b\u0107 Bombla wynosi\u0142a 300kg. Mi\u0119dzy dachem a nadbudow\u0105 zamocowano siatk\u0119, kt\u00f3ra chroni\u0142a kierowc\u0119 i pasa\u017cera przed przesuwaj\u0105cym si\u0119 \u0142adunkiem. Niestety projekt jak szybko powsta\u0142 tak szybko upad\u0142, do ko\u0144ca nie wiadomo ile wyprodukowano sztuk. Produkowano r\u00f3wnie\u017c Bomble z oknami w bocznej cz\u0119\u015bci nadbudowy. Auto w latach 70 by\u0142o u\u017cywane w rajdach samochodowych jako service car rajdowych Fiat\u00f3w 126p.[\/vc_column_text][vc_empty_space][vc_single_image image=&#8221;22815&#8243; img_size=&#8221;medium&#8221; add_caption=&#8221;yes&#8221; alignment=&#8221;center&#8221; onclick=&#8221;link_image&#8221; qode_css_animation=&#8221;&#8221;][\/vc_column][\/vc_row]\n","protected":false},"excerpt":{"rendered":"<p>[vc_row row_type=&#8221;row&#8221; use_row_as_full_screen_section=&#8221;no&#8221; type=&#8221;full_width&#8221; text_align=&#8221;left&#8221; css_animation=&#8221;&#8221;][vc_column][vc_column_text]Kiedy ruszy\u0142a seryjna produkcja Fiata 126p w Polsce, in\u017cynierowie zacz\u0119li my\u015ble\u0107 nad r\u00f3\u017cnymi wersjami popularnego Malucha. Jednym z pomys\u0142\u00f3w by\u0142a idea stworzenia ma\u0142ego auta dostawczego. Przy wsp\u00f3\u0142pracy z Akademi\u0105 Sztuk Pi\u0119knych w 1974 roku zaprojektowano jego bry\u0142\u0119. Jak wida\u0107, zmianie&#8230;<\/p>\n","protected":false},"author":2,"featured_media":0,"parent":22798,"menu_order":0,"comment_status":"closed","ping_status":"closed","template":"","meta":{"advanced_seo_description":"","spay_email":""},"jetpack_sharing_enabled":true,"jetpack_shortlink":"https:\/\/wp.me\/P9KryZ-5VY","jetpack_likes_enabled":true,"jetpack-related-posts":[{"id":22962,"url":"http:\/\/rezerwa126p.pl\/?page_id=22962","url_meta":{"origin":22814,"position":0},"title":"Literatura","date":"22 listopada 2017","format":false,"excerpt":"[vc_row row_type=\"row\" use_row_as_full_screen_section=\"no\" type=\"full_width\" text_align=\"left\" css_animation=\"\"][vc_column][vc_column_text]W obliczu wielu ksi\u0105\u017cek, jakie wydano na przestrzeni lat, a s\u0105 w r\u00f3\u017cny spos\u00f3b po\u015bwi\u0119cone Fiatowi 126p, pozwolili\u015bmy sobie na sporz\u0105dzenie ma\u0142ego wykazu. W wiele z ni\u017cej wymienionych pozycji z powodzeniem mo\u017cemy zaopatrzy\u0107 si\u0119 na rynku wt\u00f3rnym. Znalezienie na p\u00f3\u0142kach nowych egzemplarzy jest niestety nierealne.\u2026","rel":"","context":"Similar post","img":{"alt_text":"","src":"","width":0,"height":0},"classes":[]},{"id":22710,"url":"http:\/\/rezerwa126p.pl\/?page_id=22710","url_meta":{"origin":22814,"position":1},"title":"Opis modelu","date":"5 listopada 2017","format":false,"excerpt":"[vc_row row_type=\"row\" use_row_as_full_screen_section=\"no\" type=\"full_width\" text_align=\"left\" css_animation=\"\"][vc_column][vc_column_text]Pod koniec lat 80. popyt na malucha na rynkach zagranicznych spad\u0142, co by\u0142o powodem do rozwa\u017ca\u0144 na temat gruntownej przebudowy 126p. W ten spos\u00f3b powsta\u0142 Fiat 126 BIS, zaprezentowany po raz pierwszy jesieni\u0105 1987 roku na targach we Frankfurcie. \u00a0 Najbardziej widoczna na pierwszy rzut\u2026","rel":"","context":"Similar post","img":{"alt_text":"","src":"","width":0,"height":0},"classes":[]},{"id":22817,"url":"http:\/\/rezerwa126p.pl\/?page_id=22817","url_meta":{"origin":22814,"position":2},"title":"Fiat 126p COMBI","date":"6 listopada 2017","format":false,"excerpt":"[vc_row row_type=\"row\" use_row_as_full_screen_section=\"no\" type=\"full_width\" text_align=\"left\" css_animation=\"\"][vc_column][vc_column_text]Ju\u017c w trzy lata po rozpocz\u0119ciu produkcji Fiata 126p, w 1976 roku podj\u0119to prace nad budow\u0105 Polskiego Fiata 126p Combi. Wybudowane prototypy znacz\u0105co r\u00f3\u017cni\u0142y si\u0119 od pierwotnej wersji Malucha.[\/vc_column_text][vc_empty_space][vc_row_inner row_type=\"row\" type=\"full_width\" use_row_as_full_screen_section_slide=\"no\" text_align=\"left\" css_animation=\"\"][vc_column_inner][vc_single_image image=\"22821\" img_size=\"medium\" add_caption=\"yes\" alignment=\"center\" onclick=\"link_image\" qode_css_animation=\"\"][\/vc_column_inner][\/vc_row_inner][vc_empty_space][\/vc_column][\/vc_row][vc_row row_type=\"row\" use_row_as_full_screen_section=\"no\" type=\"full_width\" text_align=\"left\" css_animation=\"\"][vc_column][vc_column_text]Do\u2026","rel":"","context":"Similar post","img":{"alt_text":"","src":"","width":0,"height":0},"classes":[]},{"id":22503,"url":"http:\/\/rezerwa126p.pl\/?page_id=22503","url_meta":{"origin":22814,"position":3},"title":"Kalendarium","date":"4 listopada 2017","format":false,"excerpt":"[vc_row row_type=\"row\" use_row_as_full_screen_section=\"no\" type=\"full_width\" text_align=\"left\" css_animation=\"\"][vc_column][vc_column_text]We\u00a0wrze\u015bniu 1972 roku\u00a0wyprodukowano we w\u0142oskim Cassino pierwsz\u0105 seri\u0119 pr\u00f3bn\u0105 w ilo\u015bci 100 egzemplarzy. \u00a0 Oficjalna premiera Fiata 126 odby\u0142a si\u0119\u00a09 wrze\u015bnia roku 1972,\u00a0jednocze\u015bnie we W\u0142oszech \u2013 w salonie samochodowym w Turynie i w Polsce - na Placu Defilad. Historia Polskiego Fiata 126p rozpocz\u0119\u0142a si\u0119 od\u2026","rel":"","context":"Similar post","img":{"alt_text":"","src":"","width":0,"height":0},"classes":[]},{"id":22828,"url":"http:\/\/rezerwa126p.pl\/?page_id=22828","url_meta":{"origin":22814,"position":4},"title":"Fiat 126p LPT","date":"6 listopada 2017","format":false,"excerpt":"[vc_row row_type=\"row\" use_row_as_full_screen_section=\"no\" type=\"full_width\" text_align=\"left\" css_animation=\"\"][vc_column][vc_column_text]Na potrzeby wojska zbudowano Fiata 126p LPT \u2013 Lekki Pojazd Terenowy. Ten ciekawy pojazd mia\u0142 trzy osie, i by\u0142 przystosowany do p\u0142ywania dzi\u0119ki zamontowanej \u015brubie, pod\u0142\u0105czanej przez \u015brodkow\u0105 o\u015b. \u00a0 Nadwozie wykonano z w\u0142\u00f3kna szklanego, na przedniej szybie zamontowano trzy wycieraczki. Dzi\u0119ki temu, \u017ce \u015brodkowa\u2026","rel":"","context":"Similar post","img":{"alt_text":"","src":"https:\/\/i0.wp.com\/img.youtube.com\/vi\/kvj2e1kvsuQ\/0.jpg?resize=350%2C200","width":350,"height":200},"classes":[]},{"id":22587,"url":"http:\/\/rezerwa126p.pl\/?page_id=22587","url_meta":{"origin":22814,"position":5},"title":"Fiat 126p model przej\u015bciowy","date":"4 listopada 2017","format":false,"excerpt":"[vc_row row_type=\"row\" use_row_as_full_screen_section=\"no\" type=\"full_width\" text_align=\"left\"][vc_column][vc_column_text]Po wprowadzeniu nowego modelu FL w grudniu 1984, r\u00f3wnolegle powstawa\u0142y wersje mieszane, wy\u0142\u0105cznie na rynek krajowy. Wi\u0119kszo\u015b\u0107 nowych FLi wyje\u017cd\u017ca\u0142o na eksport do sieci dealerskiej Fiata, a Polscy odbiorcy czekali na samochody, niekoniecznie w najnowszej wersji. W czasach gospodarki centralnie planowanej, produkcja nadwozi pod wyposa\u017cenie ST\u2026","rel":"","context":"Similar post","img":{"alt_text":"","src":"","width":0,"height":0},"classes":[]}],"_links":{"self":[{"href":"http:\/\/rezerwa126p.pl\/index.php?rest_route=\/wp\/v2\/pages\/22814"}],"collection":[{"href":"http:\/\/rezerwa126p.pl\/index.php?rest_route=\/wp\/v2\/pages"}],"about":[{"href":"http:\/\/rezerwa126p.pl\/index.php?rest_route=\/wp\/v2\/types\/page"}],"author":[{"embeddable":true,"href":"http:\/\/rezerwa126p.pl\/index.php?rest_route=\/wp\/v2\/users\/2"}],"replies":[{"embeddable":true,"href":"http:\/\/rezerwa126p.pl\/index.php?rest_route=%2Fwp%2Fv2%2Fcomments&post=22814"}],"version-history":[{"count":1,"href":"http:\/\/rezerwa126p.pl\/index.php?rest_route=\/wp\/v2\/pages\/22814\/revisions"}],"predecessor-version":[{"id":22816,"href":"http:\/\/rezerwa126p.pl\/index.php?rest_route=\/wp\/v2\/pages\/22814\/revisions\/22816"}],"up":[{"embeddable":true,"href":"http:\/\/rezerwa126p.pl\/index.php?rest_route=\/wp\/v2\/pages\/22798"}],"wp:attachment":[{"href":"http:\/\/rezerwa126p.pl\/index.php?rest_route=%2Fwp%2Fv2%2Fmedia&parent=22814"}],"curies":[{"name":"wp","href":"https:\/\/api.w.org\/{rel}","templated":true}]}}