{"id":22604,"date":"2017-11-05T19:50:25","date_gmt":"2017-11-05T18:50:25","guid":{"rendered":"http:\/\/rezerwa126p.pl\/web\/?page_id=22604"},"modified":"2021-10-25T22:09:39","modified_gmt":"2021-10-25T20:09:39","slug":"artykuly-prasowe","status":"publish","type":"page","link":"http:\/\/rezerwa126p.pl\/?page_id=22604","title":{"rendered":"Artyku\u0142y prasowe"},"content":{"rendered":"[vc_row row_type=&#8221;row&#8221; use_row_as_full_screen_section=&#8221;no&#8221; type=&#8221;full_width&#8221; text_align=&#8221;left&#8221; css_animation=&#8221;&#8221;][vc_column][vc_column_text]<ul class=\"su-subpages\"><li class=\"page_item page-item-23057\"><a href=\"http:\/\/rezerwa126p.pl\/?page_id=23057\">&#8222;Pasjonaci legendarnego Fiata 126p&#8221; &#8211; wywiad z portalu NaTemat.pl<\/a><\/li>\n<li class=\"page_item page-item-23054\"><a href=\"http:\/\/rezerwa126p.pl\/?page_id=23054\">Artyku\u0142 o Rezerwie w &#8222;Dzienniku \u0141\u00f3dzkim&#8221;<\/a><\/li>\n<li class=\"page_item page-item-23051\"><a href=\"http:\/\/rezerwa126p.pl\/?page_id=23051\">Fiat &#8211; Steyr 126<\/a><\/li>\n<li class=\"page_item page-item-23046\"><a href=\"http:\/\/rezerwa126p.pl\/?page_id=23046\">Fiat 126 Abarth<\/a><\/li>\n<li class=\"page_item page-item-22607\"><a href=\"http:\/\/rezerwa126p.pl\/?page_id=22607\">Fiatfahren 1\/77 &#8211; opis wersji L<\/a><\/li>\n<li class=\"page_item page-item-23043\"><a href=\"http:\/\/rezerwa126p.pl\/?page_id=23043\">Maluch goni nowoczesno\u015b\u0107<\/a><\/li>\n<li class=\"page_item page-item-23040\"><a href=\"http:\/\/rezerwa126p.pl\/?page_id=23040\">Model S<\/a><\/li>\n<li class=\"page_item page-item-23035\"><a href=\"http:\/\/rezerwa126p.pl\/?page_id=23035\">Silnik &#8222;Bambino&#8221;<\/a><\/li>\n<li class=\"page_item page-item-23032\"><a href=\"http:\/\/rezerwa126p.pl\/?page_id=23032\">Sportowy BIS<\/a><\/li>\n<li class=\"page_item page-item-23029\"><a href=\"http:\/\/rezerwa126p.pl\/?page_id=23029\">Steyr &#8211; nieco szybszy Fiat 126<\/a><\/li>\n<li class=\"page_item page-item-23026\"><a href=\"http:\/\/rezerwa126p.pl\/?page_id=23026\">Steyr &#8211; Puch Fiat 126<\/a><\/li>\n<li class=\"page_item page-item-23021\"><a href=\"http:\/\/rezerwa126p.pl\/?page_id=23021\">Walka o wyci\u0119cie<\/a><\/li>\n<\/ul>[\/vc_column_text][\/vc_column][\/vc_row]\n","protected":false},"excerpt":{"rendered":"<p>[vc_row row_type=&#8221;row&#8221; use_row_as_full_screen_section=&#8221;no&#8221; type=&#8221;full_width&#8221; text_align=&#8221;left&#8221; css_animation=&#8221;&#8221;][vc_column][vc_column_text][\/vc_column_text][\/vc_column][\/vc_row]<\/p>\n","protected":false},"author":2,"featured_media":0,"parent":0,"menu_order":0,"comment_status":"closed","ping_status":"closed","template":"","meta":{"advanced_seo_description":"","spay_email":""},"jetpack_sharing_enabled":true,"jetpack_shortlink":"https:\/\/wp.me\/P9KryZ-5SA","jetpack_likes_enabled":true,"jetpack-related-posts":[],"_links":{"self":[{"href":"http:\/\/rezerwa126p.pl\/index.php?rest_route=\/wp\/v2\/pages\/22604"}],"collection":[{"href":"http:\/\/rezerwa126p.pl\/index.php?rest_route=\/wp\/v2\/pages"}],"about":[{"href":"http:\/\/rezerwa126p.pl\/index.php?rest_route=\/wp\/v2\/types\/page"}],"author":[{"embeddable":true,"href":"http:\/\/rezerwa126p.pl\/index.php?rest_route=\/wp\/v2\/users\/2"}],"replies":[{"embeddable":true,"href":"http:\/\/rezerwa126p.pl\/index.php?rest_route=%2Fwp%2Fv2%2Fcomments&post=22604"}],"version-history":[{"count":2,"href":"http:\/\/rezerwa126p.pl\/index.php?rest_route=\/wp\/v2\/pages\/22604\/revisions"}],"predecessor-version":[{"id":23083,"href":"http:\/\/rezerwa126p.pl\/index.php?rest_route=\/wp\/v2\/pages\/22604\/revisions\/23083"}],"wp:attachment":[{"href":"http:\/\/rezerwa126p.pl\/index.php?rest_route=%2Fwp%2Fv2%2Fmedia&parent=22604"}],"curies":[{"name":"wp","href":"https:\/\/api.w.org\/{rel}","templated":true}]}}

Artykuły prasowe

[vc_row row_type=&#8221;row&#8221; use_row_as_full_screen_section=&#8221;no&#8221; type=&#8221;full_width&#8221; text_align=&#8221;left&#8221; css_animation=&#8221;&#8221;][vc_column][vc_column_text]<ul class="su-subpages"><li class="page_item page-item-23057"><a href="http://rezerwa126p.pl/?page_id=23057">&#8222;Pasjonaci legendarnego Fiata 126p&#8221; &#8211; wywiad z portalu NaTemat.pl</a></li>
<li class="page_item page-item-23054"><a href="http://rezerwa126p.pl/?page_id=23054">Artykuł o Rezerwie w &#8222;Dzienniku Łódzkim&#8221;</a></li>
<li class="page_item page-item-23051"><a href="http://rezerwa126p.pl/?page_id=23051">Fiat &#8211; Steyr 126</a></li>
<li class="page_item page-item-23046"><a href="http://rezerwa126p.pl/?page_id=23046">Fiat 126 Abarth</a></li>
<li class="page_item page-item-22607"><a href="http://rezerwa126p.pl/?page_id=22607">Fiatfahren 1/77 &#8211; opis wersji L</a></li>
<li class="page_item page-item-23043"><a href="http://rezerwa126p.pl/?page_id=23043">Maluch goni nowoczesność</a></li>
<li class="page_item page-item-23040"><a href="http://rezerwa126p.pl/?page_id=23040">Model S</a></li>
<li class="page_item page-item-23035"><a href="http://rezerwa126p.pl/?page_id=23035">Silnik &#8222;Bambino&#8221;</a></li>
<li class="page_item page-item-23032"><a href="http://rezerwa126p.pl/?page_id=23032">Sportowy BIS</a></li>
<li class="page_item page-item-23029"><a href="http://rezerwa126p.pl/?page_id=23029">Steyr &#8211; nieco szybszy Fiat 126</a></li>
<li class="page_item page-item-23026"><a href="http://rezerwa126p.pl/?page_id=23026">Steyr &#8211; Puch Fiat 126</a></li>
<li class="page_item page-item-23021"><a href="http://rezerwa126p.pl/?page_id=23021">Walka o wycięcie</a></li>
</ul>[/vc_column_text][/vc_column][/vc_row]
