{"id":22029,"date":"2017-11-02T21:10:50","date_gmt":"2017-11-02T20:10:50","guid":{"rendered":"http:\/\/rezerwa126p.pl\/web\/?page_id=22029"},"modified":"2021-10-25T22:09:42","modified_gmt":"2021-10-25T20:09:42","slug":"wymiana-szczotek-w-rozruszniku","status":"publish","type":"page","link":"http:\/\/rezerwa126p.pl\/?page_id=22029","title":{"rendered":"Wymiana szczotek w rozruszniku"},"content":{"rendered":"[vc_row row_type=&#8221;row&#8221; use_row_as_full_screen_section=&#8221;no&#8221; type=&#8221;full_width&#8221; text_align=&#8221;left&#8221; css_animation=&#8221;&#8221;][vc_column][vc_column_text]Je\u015bli zdarza si\u0119 co jaki\u015b czas, \u017ce po przekr\u0119ceniu kluczyka s\u0142yszymy tylko cykni\u0119cie, to prawdopodobnie powinni\u015bmy wymieni\u0107 szczotki w rozruszniku. W tym celu musimy wykr\u0119ci\u0107 rozrusznik z samochodu. Przydatny przy tym jest kana\u0142, ale mo\u017cna sobie bez niego poradzi\u0107 je\u015bli podniesiemy praw\u0105 stron\u0119 samochodu i okr\u0119cimy prawe tylne ko\u0142o.<\/p>\n<p>&nbsp;<\/p>\n<ol>\n<li>Zdejmujemy klem\u0119 z akumulatora<\/li>\n<li>Od strony silnika odkr\u0119camy kluczem 13 dwie \u015bruby mocuj\u0105ce rozrusznik do silnika.<\/li>\n<\/ol>\n[\/vc_column_text][vc_empty_space][vc_row_inner row_type=&#8221;row&#8221; type=&#8221;full_width&#8221; use_row_as_full_screen_section_slide=&#8221;no&#8221; text_align=&#8221;left&#8221; css_animation=&#8221;&#8221;][vc_column_inner][vc_single_image image=&#8221;22030&#8243; img_size=&#8221;400&#215;300&#8243; add_caption=&#8221;yes&#8221; alignment=&#8221;center&#8221; onclick=&#8221;link_image&#8221; qode_css_animation=&#8221;&#8221;][vc_empty_space][\/vc_column_inner][\/vc_row_inner][\/vc_column][\/vc_row][vc_row row_type=&#8221;row&#8221; use_row_as_full_screen_section=&#8221;no&#8221; type=&#8221;full_width&#8221; text_align=&#8221;left&#8221; css_animation=&#8221;&#8221;][vc_column][vc_column_text]3. Wchodzimy pod samoch\u00f3d i okr\u0119camy od rozrusznika kabel id\u0105cy do akumulatora (gruby) i alternatora, oraz zdejmujemy wsuwk\u0119 z kablem wzbudzenia.[\/vc_column_text][vc_empty_space][vc_row_inner row_type=&#8221;row&#8221; type=&#8221;full_width&#8221; use_row_as_full_screen_section_slide=&#8221;no&#8221; text_align=&#8221;left&#8221; css_animation=&#8221;&#8221;][vc_column_inner][vc_single_image image=&#8221;22031&#8243; img_size=&#8221;400&#215;300&#8243; add_caption=&#8221;yes&#8221; alignment=&#8221;center&#8221; onclick=&#8221;link_image&#8221; qode_css_animation=&#8221;&#8221;][vc_empty_space][\/vc_column_inner][\/vc_row_inner][\/vc_column][\/vc_row][vc_row row_type=&#8221;row&#8221; use_row_as_full_screen_section=&#8221;no&#8221; type=&#8221;full_width&#8221; text_align=&#8221;left&#8221; css_animation=&#8221;&#8221;][vc_column][vc_column_text]4.\u00a0Odkr\u0119camy kluczem 10 dwie \u015bruby mocowania rozrusznika do skrzyni oraz odkr\u0119camy kluczem 13 to mocowanie od skrzyni.[\/vc_column_text][vc_empty_space][vc_row_inner row_type=&#8221;row&#8221; type=&#8221;full_width&#8221; use_row_as_full_screen_section_slide=&#8221;no&#8221; text_align=&#8221;left&#8221; css_animation=&#8221;&#8221;][vc_column_inner][vc_single_image image=&#8221;22032&#8243; img_size=&#8221;400&#215;300&#8243; add_caption=&#8221;yes&#8221; alignment=&#8221;center&#8221; onclick=&#8221;link_image&#8221; qode_css_animation=&#8221;&#8221;][vc_empty_space][\/vc_column_inner][\/vc_row_inner][\/vc_column][\/vc_row][vc_row row_type=&#8221;row&#8221; use_row_as_full_screen_section=&#8221;no&#8221; type=&#8221;full_width&#8221; text_align=&#8221;left&#8221; css_animation=&#8221;&#8221;][vc_column][vc_column_text]5.\u00a0Odkr\u0119camy kluczem 13 trzeci\u0105 \u015brub\u0119 mocuj\u0105c\u0105 rozrusznik do silnika.<\/p>\n<p>6.\u00a0Wyci\u0105gamy rozrusznik z auta. Jest to utrudnione przez ma\u0142\u0105 ilo\u015b\u0107 miejsca, ale jak najbardziej mo\u017cliwe. Je\u015bli trudno jest to zrobi\u0107 od do\u0142u, to wygodniej mo\u017ce by\u0107 chwyci\u0107 rozrusznik od g\u00f3ry i spr\u00f3bowa\u0107 nim tak wymanewrowa\u0107, \u017ceby wyszed\u0142 (do\u0142em). Bez \u017cadnych problem\u00f3w wyjdzie, je\u015bli podniesiemy praw\u0105 stron\u0119 auta na podno\u015bniku (koniecznie za bud\u0119, nie za wahacz).<\/p>\n<p>7.\u00a0Odkr\u0119camy \u015brubk\u0119 mocuj\u0105c\u0105 na rozruszniku metalow\u0105 opask\u0119. Pod ni\u0105 widzimy dwie szczotki, przykr\u0119cone \u015brubkami. Odkr\u0119camy je, podwa\u017camy spr\u0119\u017cynki dociskaj\u0105ce szczotki i wyci\u0105gamy szczotki z rozrusznika, po czym oceniamy ich zu\u017cycie, i je\u015bli s\u0105 zu\u017cyte na ich miejsce wk\u0142adamy nowe i przykr\u0119camy je.[\/vc_column_text][vc_empty_space][vc_row_inner row_type=&#8221;row&#8221; type=&#8221;full_width&#8221; use_row_as_full_screen_section_slide=&#8221;no&#8221; text_align=&#8221;left&#8221; css_animation=&#8221;&#8221;][vc_column_inner width=&#8221;1\/2&#8243;][vc_single_image image=&#8221;22033&#8243; img_size=&#8221;400&#215;300&#8243; add_caption=&#8221;yes&#8221; alignment=&#8221;center&#8221; onclick=&#8221;link_image&#8221; qode_css_animation=&#8221;&#8221;][vc_empty_space][vc_single_image image=&#8221;22035&#8243; img_size=&#8221;400&#215;300&#8243; add_caption=&#8221;yes&#8221; alignment=&#8221;center&#8221; onclick=&#8221;link_image&#8221; qode_css_animation=&#8221;&#8221;][\/vc_column_inner][vc_column_inner width=&#8221;1\/2&#8243;][vc_single_image image=&#8221;22034&#8243; img_size=&#8221;400&#215;300&#8243; add_caption=&#8221;yes&#8221; alignment=&#8221;center&#8221; onclick=&#8221;link_image&#8221; qode_css_animation=&#8221;&#8221;][vc_empty_space][vc_single_image image=&#8221;22036&#8243; img_size=&#8221;400&#215;300&#8243; add_caption=&#8221;yes&#8221; alignment=&#8221;center&#8221; onclick=&#8221;link_image&#8221; qode_css_animation=&#8221;&#8221;][\/vc_column_inner][\/vc_row_inner][vc_column_text]8.\u00a0W odwrotnej kolejno\u015bci wk\u0142adamy rozrusznik do samochodu.<\/p>\n<p>Autor:\u00a0<a href=\"http:\/\/forum.rezerwa126p.pl\/profile.php?mode=viewprofile&amp;u=2\">Pumex<\/a>[\/vc_column_text][\/vc_column][\/vc_row]\n","protected":false},"excerpt":{"rendered":"<p>[vc_row row_type=&#8221;row&#8221; use_row_as_full_screen_section=&#8221;no&#8221; type=&#8221;full_width&#8221; text_align=&#8221;left&#8221; css_animation=&#8221;&#8221;][vc_column][vc_column_text]Je\u015bli zdarza si\u0119 co jaki\u015b czas, \u017ce po przekr\u0119ceniu kluczyka s\u0142yszymy tylko cykni\u0119cie, to prawdopodobnie powinni\u015bmy wymieni\u0107 szczotki w rozruszniku. W tym celu musimy wykr\u0119ci\u0107 rozrusznik z samochodu. Przydatny przy tym jest kana\u0142, ale mo\u017cna sobie bez niego poradzi\u0107 je\u015bli&#8230;<\/p>\n","protected":false},"author":2,"featured_media":0,"parent":21702,"menu_order":0,"comment_status":"closed","ping_status":"closed","template":"","meta":{"advanced_seo_description":"","spay_email":""},"jetpack_sharing_enabled":true,"jetpack_shortlink":"https:\/\/wp.me\/P9KryZ-5Jj","jetpack_likes_enabled":true,"jetpack-related-posts":[{"id":22662,"url":"http:\/\/rezerwa126p.pl\/?page_id=22662","url_meta":{"origin":22029,"position":0},"title":"Opis modelu","date":"5 listopada 2017","format":false,"excerpt":"[vc_row row_type=\"row\" use_row_as_full_screen_section=\"no\" type=\"full_width\" text_align=\"left\" css_animation=\"\"][vc_column][vc_column_text]W grudniu 1984 roku wprowadzono do sprzeda\u017cy wersj\u0119 FL (Face Lifting). Zmiany zosta\u0142y podyktowane konieczno\u015bci\u0105 dostosowania samochodu do wymog\u00f3w europejskich (g\u0142\u00f3wnie usuni\u0119cie wszelkich ostrych kraw\u0119dzi). Tak wi\u0119c zmieniono kszta\u0142t zderzak\u00f3w na d\u0142u\u017csze i bardziej przylegaj\u0105ce do nadwozia, a w tylny zderzak wkomponowano wymagane ju\u017c w\u00f3wczas\u2026","rel":"","context":"Similar post","img":{"alt_text":"","src":"","width":0,"height":0},"classes":[]},{"id":22800,"url":"http:\/\/rezerwa126p.pl\/?page_id=22800","url_meta":{"origin":22029,"position":1},"title":"Fiat 126p NP","date":"6 listopada 2017","format":false,"excerpt":"[vc_row row_type=\"row\" use_row_as_full_screen_section=\"no\" type=\"full_width\" text_align=\"left\" css_animation=\"\"][vc_column][vc_column_text]Po tym jak Fiat 126p zdominowa\u0142 polski rynek, FSM chcia\u0142 stworzy\u0107 wi\u0119cej pojazd\u00f3w opartych na tym modelu. Najwi\u0119ksz\u0105 przeszkod\u0105 w dalszym rozwijaniu samochodu by\u0142 umieszczony z ty\u0142u silnik, w zwi\u0105zku z czym zbudowano prototyp z silnikiem umieszczonym z przodu \u2013 Fiat 126p NP (Nap\u0119d Przedni).\u2026","rel":"","context":"Similar post","img":{"alt_text":"","src":"","width":0,"height":0},"classes":[]},{"id":22580,"url":"http:\/\/rezerwa126p.pl\/?page_id=22580","url_meta":{"origin":22029,"position":2},"title":"FL","date":"4 listopada 2017","format":false,"excerpt":"W grudniu 1984 roku wprowadzono do sprzeda\u017cy wersj\u0119 FL (Face Lifting). Zmiany zosta\u0142y podyktowane konieczno\u015bci\u0105 dostosowania samochodu do wymog\u00f3w europejskich (w pierwszej kolejno\u015bci usuni\u0119cie wszelkich ostrych kraw\u0119dzi). Tak wi\u0119c, zmieniono kszta\u0142t zderzak\u00f3w na d\u0142u\u017csze i bardziej przylegaj\u0105ce do nadwozia, a w tylny zderzak wkomponowano wymagane ju\u017c w\u00f3wczas \u015bwiat\u0142a przeciwmg\u0142owe tylne\u2026","rel":"","context":"Similar post","img":{"alt_text":"","src":"https:\/\/i0.wp.com\/rezerwa126p.pl\/web\/wp-content\/uploads\/2022\/03\/6_f-1-1024x768.jpg?resize=350%2C200","width":350,"height":200},"classes":[]},{"id":21949,"url":"http:\/\/rezerwa126p.pl\/?page_id=21949","url_meta":{"origin":22029,"position":3},"title":"Wymiana linki rozrusznika","date":"2 listopada 2017","format":false,"excerpt":"[vc_row row_type=\"row\" use_row_as_full_screen_section=\"no\" type=\"full_width\" text_align=\"left\" css_animation=\"\"][vc_column][vc_column_text]Rozrusznik na link\u0119 - uwielbiany (zazwyczaj przez osoby, kt\u00f3re go nie posiadaj\u0105) b\u0105d\u017a znienawidzony, wyst\u0119puj\u0105cy zar\u00f3wno na pocz\u0105tku produkcji jak i pod koniec lat 80. Jednym z\u00a0jego element\u00f3w jest linka, kt\u00f3ra pr\u0119dzej czy p\u00f3\u017aniej naci\u0105ga si\u0119 lub p\u0119ka i uruchomienie silnika za pomoc\u0105 d\u017awigni przestaje\u2026","rel":"","context":"Similar post","img":{"alt_text":"","src":"","width":0,"height":0},"classes":[]},{"id":22298,"url":"http:\/\/rezerwa126p.pl\/?page_id=22298","url_meta":{"origin":22029,"position":4},"title":"Przer\u00f3bka ogrzewania","date":"4 listopada 2017","format":false,"excerpt":"[vc_row row_type=\"row\" use_row_as_full_screen_section=\"no\" type=\"full_width\" text_align=\"left\" css_animation=\"\"][vc_column][vc_column_text]Regularnie co roku, gdy przychodzi zima, bra\u0107 maluchowska zaczyna marudzi\u0107, \u017ce paruj\u0105 szyby, a we wn\u0119trzu jest zimno, i kombinuje z r\u00f3\u017cnymi wiatraczkami, przer\u00f3bkami, kolankami wodnymi i innymi. Wszystko to jest na dobr\u0105 spraw\u0119 niezbyt skuteczne,i obarczone ograniczeniami. Ja tutaj przedstawi\u0119 najskuteczniejszy patent na przer\u00f3bk\u0119\u2026","rel":"","context":"Similar post","img":{"alt_text":"","src":"","width":0,"height":0},"classes":[]},{"id":22273,"url":"http:\/\/rezerwa126p.pl\/?page_id=22273","url_meta":{"origin":22029,"position":5},"title":"Opis elektronicznego uk\u0142adu zap\u0142onowego i jego monta\u017c w wersji ST \/ FL","date":"4 listopada 2017","format":false,"excerpt":"[vc_row row_type=\"row\" use_row_as_full_screen_section=\"no\" type=\"full_width\" text_align=\"left\" css_animation=\"\"][vc_column][vc_column_text]W uk\u0142adzie zap\u0142onowym Fiata 126 el wyeliminowano jeden z najbardziej zawodnych element\u00f3w samochodu \u2013 nap\u0119dzany wa\u0142kiem rozrz\u0105du aparat zap\u0142onowy z przerywaczem. Klasyczny uk\u0142ad zap\u0142onowy z zawodnymi elementami ruchomymi zast\u0105piono nowoczesnym, ca\u0142kowicie elektronicznym uk\u0142adem, sterowanym modu\u0142em zap\u0142onowym Nanoplex. \u00a0 Na uk\u0142ad zap\u0142onowy w wersji el sk\u0142adaj\u0105\u2026","rel":"","context":"Similar post","img":{"alt_text":"","src":"","width":0,"height":0},"classes":[]}],"_links":{"self":[{"href":"http:\/\/rezerwa126p.pl\/index.php?rest_route=\/wp\/v2\/pages\/22029"}],"collection":[{"href":"http:\/\/rezerwa126p.pl\/index.php?rest_route=\/wp\/v2\/pages"}],"about":[{"href":"http:\/\/rezerwa126p.pl\/index.php?rest_route=\/wp\/v2\/types\/page"}],"author":[{"embeddable":true,"href":"http:\/\/rezerwa126p.pl\/index.php?rest_route=\/wp\/v2\/users\/2"}],"replies":[{"embeddable":true,"href":"http:\/\/rezerwa126p.pl\/index.php?rest_route=%2Fwp%2Fv2%2Fcomments&post=22029"}],"version-history":[{"count":1,"href":"http:\/\/rezerwa126p.pl\/index.php?rest_route=\/wp\/v2\/pages\/22029\/revisions"}],"predecessor-version":[{"id":22037,"href":"http:\/\/rezerwa126p.pl\/index.php?rest_route=\/wp\/v2\/pages\/22029\/revisions\/22037"}],"up":[{"embeddable":true,"href":"http:\/\/rezerwa126p.pl\/index.php?rest_route=\/wp\/v2\/pages\/21702"}],"wp:attachment":[{"href":"http:\/\/rezerwa126p.pl\/index.php?rest_route=%2Fwp%2Fv2%2Fmedia&parent=22029"}],"curies":[{"name":"wp","href":"https:\/\/api.w.org\/{rel}","templated":true}]}}