{"id":21844,"date":"2017-11-01T18:46:38","date_gmt":"2017-11-01T17:46:38","guid":{"rendered":"http:\/\/rezerwa126p.pl\/web\/?page_id=21844"},"modified":"2021-10-25T22:09:41","modified_gmt":"2021-10-25T20:09:41","slug":"przerobka-plywaka-w-baku","status":"publish","type":"page","link":"http:\/\/rezerwa126p.pl\/?page_id=21844","title":{"rendered":"Przer\u00f3bka p\u0142ywaka w baku"},"content":{"rendered":"[vc_row row_type=&#8221;row&#8221; use_row_as_full_screen_section=&#8221;no&#8221; type=&#8221;full_width&#8221; text_align=&#8221;left&#8221; css_animation=&#8221;&#8221;][vc_column][vc_column_text]Cz\u0119sto w seryjnym maluchu zdarza si\u0119 taka sytuacja, \u017ce mamy sobie paliwko, p\u00f3\u0142 baku dajmy na to, je\u017adzimy, je\u017adzimy, a wskaz\u00f3wka nic nie opada. Odstawiamy malczana pod dom z 1\/4 zbiornika, rano przychodzimy, a tu z 1\/4 zrobi\u0142a si\u0119 gruba rezerwa. Cz\u0119st\u0105 sytuacj\u0105 jest r\u00f3wnie\u017c zga\u015bni\u0119cie samochodu z braku paliwa, mimo \u017ce nie \u015bwieci\u0142a si\u0119 rezerwa jeszcze. Win\u0119 za taki stan rzeczy ponosi prosty plastikowy element. Elementem tym jest plastikowy t\u0142oczek maj\u0105cy za zadanie (teoretycznie) t\u0142umi\u0107 drgania wskaz\u00f3wki od przemieszczaj\u0105cego si\u0119 paliwa w baku. W praktyce t\u0142oczek ten przyciera si\u0119 piaskiem i brudem zawartym w paliwie, i blokuje ca\u0142kowicie dzia\u0142anie p\u0142ywaka. Na fotografii przedstawiony jest kompletny p\u0142ywak wyj\u0119ty z baku maluchowskiego, na czerwono za\u015b zaznaczony jest element kt\u00f3ry nale\u017cy usun\u0105\u0107 :[\/vc_column_text][vc_empty_space][vc_row_inner row_type=&#8221;row&#8221; type=&#8221;full_width&#8221; use_row_as_full_screen_section_slide=&#8221;no&#8221; text_align=&#8221;left&#8221; css_animation=&#8221;&#8221;][vc_column_inner][vc_single_image image=&#8221;21846&#8243; img_size=&#8221;400&#215;300&#8243; add_caption=&#8221;yes&#8221; alignment=&#8221;center&#8221; onclick=&#8221;link_image&#8221; qode_css_animation=&#8221;&#8221;][vc_empty_space][\/vc_column_inner][\/vc_row_inner][\/vc_column][\/vc_row][vc_row row_type=&#8221;row&#8221; use_row_as_full_screen_section=&#8221;no&#8221; type=&#8221;full_width&#8221; text_align=&#8221;left&#8221; css_animation=&#8221;&#8221;][vc_column][vc_column_text]T\u0142oczek ten jest tylko wsuni\u0119ty na o\u015bk\u0119 p\u0142ywaka, a jego dolna cz\u0119\u015b\u0107 jest wsuni\u0119ta w metalowy uchwyt. Usuni\u0119cie polega tylko na wysuni\u0119ciu plastikowych element\u00f3w. Po zdemontowaniu t\u0142oczka ca\u0142y gotowy do bezproblemowej pracy p\u0142ywak wygl\u0105da tak:[\/vc_column_text][vc_empty_space][vc_row_inner row_type=&#8221;row&#8221; type=&#8221;full_width&#8221; use_row_as_full_screen_section_slide=&#8221;no&#8221; text_align=&#8221;left&#8221; css_animation=&#8221;&#8221;][vc_column_inner][vc_single_image image=&#8221;21845&#8243; img_size=&#8221;400&#215;300&#8243; add_caption=&#8221;yes&#8221; alignment=&#8221;center&#8221; onclick=&#8221;link_image&#8221; qode_css_animation=&#8221;&#8221;][vc_empty_space][vc_column_text]zdemontowany t\u0142oczek, widoczny u do\u0142u zdj\u0119cia, z wrodzon\u0105 w sobie nienawi\u015bci\u0105 do nieudanych rzeczy i g\u0142upich rozwi\u0105za\u0144 technologicznych ciskamy z du\u017cym impetem do \u015bmietnika. Bardziej nerwowi ludzie, kt\u00f3rym b\u0142\u0119dne wskazania poziomu paliwa napsu\u0142y wi\u0119cej krwi mog\u0105 owy t\u0142oczek potraktowa\u0107 dora\u017anie m\u0142otkiem lub spali\u0107 w piecu sadystycznie obserwuj\u0105c jak p\u0142onie. Po takim zabiegu ulepszaj\u0105cym p\u0142ywak mo\u017cemy si\u0119 cieszy\u0107 wskazaniami paliwa w trybie natychmiastowym, wskaz\u00f3wka pokazuje &#8222;on line&#8221; poziom paliwa. Nie ma co si\u0119 stresowa\u0107, \u017ce z powodu braku tego p\u0142ywaka wskaz\u00f3wka b\u0119dzie si\u0119 buja\u0107, uniemo\u017cliwiaj\u0105c odczyt, nic bardziej mylnego. Bak maluchowski jest na tyle ma\u0142y, \u017ce paliwo przelewajac si\u0119 nie powoduje \u017cadnych wi\u0119kszych zaburze\u0144 pracy wskaz\u00f3wki i przer\u00f3bka jest jedn\u0105 z lepszych jakie mo\u017cna wykona\u0107 w maluchu celem polepszenia swojego bytu.<\/p>\n<p><a href=\"http:\/\/forum.rezerwa126p.pl\/profile.php?mode=viewprofile&amp;u=20\">banasiewicz02<\/a><\/p>\n[\/vc_column_text][\/vc_column_inner][\/vc_row_inner][\/vc_column][\/vc_row]\n","protected":false},"excerpt":{"rendered":"<p>[vc_row row_type=&#8221;row&#8221; use_row_as_full_screen_section=&#8221;no&#8221; type=&#8221;full_width&#8221; text_align=&#8221;left&#8221; css_animation=&#8221;&#8221;][vc_column][vc_column_text]Cz\u0119sto w seryjnym maluchu zdarza si\u0119 taka sytuacja, \u017ce mamy sobie paliwko, p\u00f3\u0142 baku dajmy na to, je\u017adzimy, je\u017adzimy, a wskaz\u00f3wka nic nie opada. Odstawiamy malczana pod dom z 1\/4 zbiornika, rano przychodzimy, a tu z 1\/4 zrobi\u0142a si\u0119 gruba&#8230;<\/p>\n","protected":false},"author":2,"featured_media":0,"parent":21702,"menu_order":0,"comment_status":"closed","ping_status":"closed","template":"","meta":{"advanced_seo_description":"","spay_email":""},"jetpack_sharing_enabled":true,"jetpack_shortlink":"https:\/\/wp.me\/P9KryZ-5Gk","jetpack_likes_enabled":true,"jetpack-related-posts":[{"id":22320,"url":"http:\/\/rezerwa126p.pl\/?page_id=22320","url_meta":{"origin":21844,"position":0},"title":"Wszystko o \u015bwiecach zap\u0142onowych","date":"4 listopada 2017","format":false,"excerpt":"[vc_row row_type=\"row\" use_row_as_full_screen_section=\"no\" type=\"full_width\" text_align=\"left\" css_animation=\"\"][vc_column][vc_column_text]Po kolorze \u015bwiecy mo\u017cemy do\u015b\u0107 dok\u0142adnie okre\u015bli\u0107 sk\u0142ad mieszanki oraz poprawno\u015b\u0107 ustawie\u0144 ga\u017anika, czy zap\u0142onu. Oczywi\u015bcie na tak\u0105 diagnoz\u0119 mo\u017cna pozwoli\u0107 sobie tylko wtedy gdy mamy pewno\u015b\u0107 \u017ce w silniku wkr\u0119cona jest w\u0142a\u015bciwa \u015bwieca zap\u0142onowa \u2013 dobrana do danego typu silnika i warunk\u00f3w eksploatacji a\u2026","rel":"","context":"Similar post","img":{"alt_text":"","src":"","width":0,"height":0},"classes":[]},{"id":22487,"url":"http:\/\/rezerwa126p.pl\/?page_id=22487","url_meta":{"origin":21844,"position":1},"title":"Turbinka Kowalskiego","date":"4 listopada 2017","format":false,"excerpt":"[vc_row row_type=\"row\" use_row_as_full_screen_section=\"no\" type=\"full_width\" text_align=\"left\" css_animation=\"\"][vc_column][vc_column_text]Turbinka Kowalskiego, to jedno z najbardziej znanych urz\u0105dze\u0144, kt\u00f3re mia\u0142y usprawni\u0107 prac\u0119 maluchowskiego silnika. Obros\u0142a ona wieloma legendami: jedni uwa\u017caj\u0105 j\u0105 za totalny niewypa\u0142, kt\u00f3ry nie ma prawa dzia\u0142a\u0107, inni za\u015b przypisuj\u0105 jej wr\u0119cz magiczne w\u0142a\u015bciwo\u015bci. Czym w og\u00f3le jest ta owiana tajemnic\u0105 turbinka? \u00a0\u2026","rel":"","context":"Similar post","img":{"alt_text":"","src":"","width":0,"height":0},"classes":[]},{"id":23735,"url":"http:\/\/rezerwa126p.pl\/?page_id=23735","url_meta":{"origin":21844,"position":2},"title":"Regulamin Sklepu","date":"16 listopada 2021","format":false,"excerpt":"[vc_row][vc_column][vc_column_text] Regulamin REGULAMIN SKLEPU INTERNETOWEGO REZERWA 126P Sklep internetowy REZERWA 126P dzia\u0142aj\u0105cy pod adresem www.rezerwa126p.pl\/sklep nale\u017cy do Sary Wawrzynek, prowadz\u0105cej gospodarcz\u0105 pod nazw\u0105 ,,Firma Handlowo Us\u0142ugowa Sara Wawrzynek\u201d z siedzib\u0105 w Rudzie \u015al\u0105skiej (41-706), ul. 1 Maja 73, wpisana do Centralnej Ewidencji i Informacji o Dzia\u0142alno\u015bci Gospodarczej, pos\u0142uguj\u0105ca si\u0119 numerem\u2026","rel":"","context":"Similar post","img":{"alt_text":"","src":"","width":0,"height":0},"classes":[]},{"id":21949,"url":"http:\/\/rezerwa126p.pl\/?page_id=21949","url_meta":{"origin":21844,"position":3},"title":"Wymiana linki rozrusznika","date":"2 listopada 2017","format":false,"excerpt":"[vc_row row_type=\"row\" use_row_as_full_screen_section=\"no\" type=\"full_width\" text_align=\"left\" css_animation=\"\"][vc_column][vc_column_text]Rozrusznik na link\u0119 - uwielbiany (zazwyczaj przez osoby, kt\u00f3re go nie posiadaj\u0105) b\u0105d\u017a znienawidzony, wyst\u0119puj\u0105cy zar\u00f3wno na pocz\u0105tku produkcji jak i pod koniec lat 80. Jednym z\u00a0jego element\u00f3w jest linka, kt\u00f3ra pr\u0119dzej czy p\u00f3\u017aniej naci\u0105ga si\u0119 lub p\u0119ka i uruchomienie silnika za pomoc\u0105 d\u017awigni przestaje\u2026","rel":"","context":"Similar post","img":{"alt_text":"","src":"","width":0,"height":0},"classes":[]},{"id":22232,"url":"http:\/\/rezerwa126p.pl\/?page_id=22232","url_meta":{"origin":21844,"position":4},"title":"Wymiana pr\u0105dnicy na alternator","date":"4 listopada 2017","format":false,"excerpt":"[vc_row row_type=\"row\" use_row_as_full_screen_section=\"no\" type=\"full_width\" text_align=\"left\" css_animation=\"\"][vc_column][vc_column_text]Przysz\u0142y ci\u0119\u017ckie czasy dla aut z pr\u0105dnicami, ci\u0105g\u0142e je\u017cdzenie na \u015bwiat\u0142ach i s\u0142uchanie radia strasznie wyka\u0144cza nasze akumulatory, a stara poczciwa pr\u0105dnica nie daje rady ich na\u0142adowa\u0107. Dlatego dzisiejszy temat to wymiana pr\u0105dnicy na alternator. \u00a0 Po pierwsze, musimy mie\u0107 przygotowany kompletny altek, oraz przednie\u2026","rel":"","context":"Similar post","img":{"alt_text":"","src":"","width":0,"height":0},"classes":[]},{"id":21759,"url":"http:\/\/rezerwa126p.pl\/?page_id=21759","url_meta":{"origin":21844,"position":5},"title":"Mycie i regulacja ga\u017anika","date":"1 listopada 2017","format":false,"excerpt":"[vc_row row_type=\"row\" use_row_as_full_screen_section=\"no\" type=\"full_width\" text_align=\"left\" css_animation=\"\"][vc_column][vc_column_text]Kiedy mamy problem z poprawn\u0105 prac\u0105 silnika na wolnych obrotach, przygasaniem, du\u017cym spalaniem, nieprawid\u0142owym wkr\u0119caniem si\u0119 na obroty lub w wyciekami paliwa, powinni\u015bmy wzi\u0105\u0107 si\u0119 za wymycie i regulacj\u0119 ga\u017anika. \u00a0 Do wszystkich operacji b\u0119d\u0105 nam potrzebne: klucze: 8, 13, 17 \u015brubokr\u0119t p\u0142aski (mniejszy i\u2026","rel":"","context":"Similar post","img":{"alt_text":"","src":"","width":0,"height":0},"classes":[]}],"_links":{"self":[{"href":"http:\/\/rezerwa126p.pl\/index.php?rest_route=\/wp\/v2\/pages\/21844"}],"collection":[{"href":"http:\/\/rezerwa126p.pl\/index.php?rest_route=\/wp\/v2\/pages"}],"about":[{"href":"http:\/\/rezerwa126p.pl\/index.php?rest_route=\/wp\/v2\/types\/page"}],"author":[{"embeddable":true,"href":"http:\/\/rezerwa126p.pl\/index.php?rest_route=\/wp\/v2\/users\/2"}],"replies":[{"embeddable":true,"href":"http:\/\/rezerwa126p.pl\/index.php?rest_route=%2Fwp%2Fv2%2Fcomments&post=21844"}],"version-history":[{"count":1,"href":"http:\/\/rezerwa126p.pl\/index.php?rest_route=\/wp\/v2\/pages\/21844\/revisions"}],"predecessor-version":[{"id":21847,"href":"http:\/\/rezerwa126p.pl\/index.php?rest_route=\/wp\/v2\/pages\/21844\/revisions\/21847"}],"up":[{"embeddable":true,"href":"http:\/\/rezerwa126p.pl\/index.php?rest_route=\/wp\/v2\/pages\/21702"}],"wp:attachment":[{"href":"http:\/\/rezerwa126p.pl\/index.php?rest_route=%2Fwp%2Fv2%2Fmedia&parent=21844"}],"curies":[{"name":"wp","href":"https:\/\/api.w.org\/{rel}","templated":true}]}}